{"id":199,"date":"2020-01-14T11:04:34","date_gmt":"2020-01-14T10:04:34","guid":{"rendered":"http:\/\/www.vfl-westercelle.de\/badm\/?page_id=199"},"modified":"2020-01-14T11:06:16","modified_gmt":"2020-01-14T10:06:16","slug":"spielgemeinschaft","status":"publish","type":"page","link":"https:\/\/www.vfl-westercelle.de\/badm\/spielgemeinschaft\/","title":{"rendered":"Spielgemeinschaft"},"content":{"rendered":"\n<style type=\"text\/css\" data-created_by=\"avia_inline_auto\" id=\"style-css-av-2u40x-324ee734da9c0bbaaf69784bdb9d1c5a\">\n.flex_column.av-2u40x-324ee734da9c0bbaaf69784bdb9d1c5a{\nborder-radius:0px 0px 0px 0px;\npadding:0px 0px 0px 0px;\n}\n<\/style>\n<div  class='flex_column av-2u40x-324ee734da9c0bbaaf69784bdb9d1c5a av_one_third  avia-builder-el-0  el_before_av_two_third  avia-builder-el-first  first flex_column_div av-zero-column-padding  '     ><style type=\"text\/css\" data-created_by=\"avia_inline_auto\" id=\"style-css-av-2bdhl-4e6d2429975b19e6c7473e6775d4da6f\">\n.avia-image-container.av-2bdhl-4e6d2429975b19e6c7473e6775d4da6f img.avia_image{\nbox-shadow:none;\n}\n.avia-image-container.av-2bdhl-4e6d2429975b19e6c7473e6775d4da6f .av-image-caption-overlay-center{\ncolor:#ffffff;\n}\n<\/style>\n<div  class='avia-image-container av-2bdhl-4e6d2429975b19e6c7473e6775d4da6f av-styling- av-img-linked avia-align-center  avia-builder-el-1  avia-builder-el-no-sibling '   itemprop=\"image\" itemscope=\"itemscope\" itemtype=\"https:\/\/schema.org\/ImageObject\" ><div class=\"avia-image-container-inner\"><div class=\"avia-image-overlay-wrap\"><a href=\"http:\/\/www.cellerbc.de\" class='avia_image '  target=\"_blank\"  rel=\"noopener noreferrer\" aria-label='logo_cbc'><img fetchpriority=\"high\" class='wp-image-119 avia-img-lazy-loading-not-119 avia_image ' src='https:\/\/www.vfl-westercelle.de\/badm\/wp-content\/uploads\/sites\/16\/2017\/07\/logo_cbc.png' alt='' title='logo_cbc'  height=\"150\" width=\"150\"  itemprop=\"thumbnailUrl\"  \/><\/a><\/div><\/div><\/div><\/div>\n\n<style type=\"text\/css\" data-created_by=\"avia_inline_auto\" id=\"style-css-av-1g511-b0238003d312dbbbf02243cca949447a\">\n.flex_column.av-1g511-b0238003d312dbbbf02243cca949447a{\nborder-radius:0px 0px 0px 0px;\npadding:0px 0px 0px 0px;\n}\n<\/style>\n<div  class='flex_column av-1g511-b0238003d312dbbbf02243cca949447a av_two_third  avia-builder-el-2  el_after_av_one_third  avia-builder-el-last  flex_column_div av-zero-column-padding  '     ><section  class='av_textblock_section av-orot-8ace9ea6fdcc86bc9e3461f7335a0413 '   itemscope=\"itemscope\" itemtype=\"https:\/\/schema.org\/CreativeWork\" ><div class='avia_textblock'  itemprop=\"text\" ><p>Seit Jahren unterh\u00e4lt die Badmintonsparte des VfL Westercelle mit dem Celler Badminton Club (CBC) eine erfolgreiche Spielgemeinschaft.<\/p>\n<p>Neben dem gemeinsamen Spielbetrieb, bei dem Spielerinnen und Spieler aus beiden Vereinen in den verschiedenen Mannschaften zusammenspielen, werden auch die jeweiligen Trainingszeiten der Vereine je nach Zeit, Lust und M\u00f6glichkeiten der Spieler variabel genutzt.<\/p>\n<p>Durch diese M\u00f6glichkeiten k\u00f6nnen und konnten tempor\u00e4re Ausf\u00e4lle bei den Hallenzeiten immer kompensiert werden.<\/p>\n<p>Die Mannschaften starten unter der Bezeichnung &#8222;SG Celle\/Westercelle&#8220; und deren Ergebnisse k\u00f6nnen \u00fcber die offiziellen Ergebnisdienste von Turniere.de oder Kroton.de verfolgt werden.<\/p>\n<\/div><\/section><\/div>\n","protected":false},"excerpt":{"rendered":"","protected":false},"author":1,"featured_media":0,"parent":0,"menu_order":0,"comment_status":"closed","ping_status":"closed","template":"","meta":{"footnotes":""},"class_list":["post-199","page","type-page","status-publish","hentry"],"_links":{"self":[{"href":"https:\/\/www.vfl-westercelle.de\/badm\/wp-json\/wp\/v2\/pages\/199","targetHints":{"allow":["GET"]}}],"collection":[{"href":"https:\/\/www.vfl-westercelle.de\/badm\/wp-json\/wp\/v2\/pages"}],"about":[{"href":"https:\/\/www.vfl-westercelle.de\/badm\/wp-json\/wp\/v2\/types\/page"}],"author":[{"embeddable":true,"href":"https:\/\/www.vfl-westercelle.de\/badm\/wp-json\/wp\/v2\/users\/1"}],"replies":[{"embeddable":true,"href":"https:\/\/www.vfl-westercelle.de\/badm\/wp-json\/wp\/v2\/comments?post=199"}],"version-history":[{"count":2,"href":"https:\/\/www.vfl-westercelle.de\/badm\/wp-json\/wp\/v2\/pages\/199\/revisions"}],"predecessor-version":[{"id":202,"href":"https:\/\/www.vfl-westercelle.de\/badm\/wp-json\/wp\/v2\/pages\/199\/revisions\/202"}],"wp:attachment":[{"href":"https:\/\/www.vfl-westercelle.de\/badm\/wp-json\/wp\/v2\/media?parent=199"}],"curies":[{"name":"wp","href":"https:\/\/api.w.org\/{rel}","templated":true}]}}

<style type="text/css" data-created_by="avia_inline_auto" id="style-css-av-2u40x-324ee734da9c0bbaaf69784bdb9d1c5a">
.flex_column.av-2u40x-324ee734da9c0bbaaf69784bdb9d1c5a{
border-radius:0px 0px 0px 0px;
padding:0px 0px 0px 0px;
}
</style>
<div  class='flex_column av-2u40x-324ee734da9c0bbaaf69784bdb9d1c5a av_one_third  avia-builder-el-0  el_before_av_two_third  avia-builder-el-first  first flex_column_div av-zero-column-padding  '     ><style type="text/css" data-created_by="avia_inline_auto" id="style-css-av-2bdhl-4e6d2429975b19e6c7473e6775d4da6f">
.avia-image-container.av-2bdhl-4e6d2429975b19e6c7473e6775d4da6f img.avia_image{
box-shadow:none;
}
.avia-image-container.av-2bdhl-4e6d2429975b19e6c7473e6775d4da6f .av-image-caption-overlay-center{
color:#ffffff;
}
</style>
<div  class='avia-image-container av-2bdhl-4e6d2429975b19e6c7473e6775d4da6f av-styling- av-img-linked avia-align-center  avia-builder-el-1  avia-builder-el-no-sibling '   itemprop="image" itemscope="itemscope" itemtype="https://schema.org/ImageObject" ><div class="avia-image-container-inner"><div class="avia-image-overlay-wrap"><a href="http://www.cellerbc.de" class='avia_image '  target="_blank"  rel="noopener noreferrer" aria-label='logo_cbc'><img fetchpriority="high" class='wp-image-119 avia-img-lazy-loading-not-119 avia_image ' src='https://www.vfl-westercelle.de/badm/wp-content/uploads/sites/16/2017/07/logo_cbc.png' alt='' title='logo_cbc'  height="150" width="150"  itemprop="thumbnailUrl"  /></a></div></div></div></div>

<style type="text/css" data-created_by="avia_inline_auto" id="style-css-av-1g511-b0238003d312dbbbf02243cca949447a">
.flex_column.av-1g511-b0238003d312dbbbf02243cca949447a{
border-radius:0px 0px 0px 0px;
padding:0px 0px 0px 0px;
}
</style>
<div  class='flex_column av-1g511-b0238003d312dbbbf02243cca949447a av_two_third  avia-builder-el-2  el_after_av_one_third  avia-builder-el-last  flex_column_div av-zero-column-padding  '     ><section  class='av_textblock_section av-orot-8ace9ea6fdcc86bc9e3461f7335a0413 '   itemscope="itemscope" itemtype="https://schema.org/CreativeWork" ><div class='avia_textblock'  itemprop="text" ><p>Seit Jahren unterhält die Badmintonsparte des VfL Westercelle mit dem Celler Badminton Club (CBC) eine erfolgreiche Spielgemeinschaft.</p>
<p>Neben dem gemeinsamen Spielbetrieb, bei dem Spielerinnen und Spieler aus beiden Vereinen in den verschiedenen Mannschaften zusammenspielen, werden auch die jeweiligen Trainingszeiten der Vereine je nach Zeit, Lust und Möglichkeiten der Spieler variabel genutzt.</p>
<p>Durch diese Möglichkeiten können und konnten temporäre Ausfälle bei den Hallenzeiten immer kompensiert werden.</p>
<p>Die Mannschaften starten unter der Bezeichnung &#8222;SG Celle/Westercelle&#8220; und deren Ergebnisse können über die offiziellen Ergebnisdienste von Turniere.de oder Kroton.de verfolgt werden.</p>
</div></section></div>
