{"id":1939,"date":"2026-02-03T13:25:56","date_gmt":"2026-02-03T12:25:56","guid":{"rendered":"https:\/\/www.vfl-westercelle.de\/bou\/?page_id=1939"},"modified":"2026-03-13T14:33:45","modified_gmt":"2026-03-13T13:33:45","slug":"foerderverein","status":"publish","type":"page","link":"https:\/\/www.vfl-westercelle.de\/bou\/foerderverein\/","title":{"rendered":"F\u00f6rderverein"},"content":{"rendered":"<div  class='flex_column av-eilwvn-675204b791499e23f87a0fe46ffff0eb av_two_third  avia-builder-el-0  el_before_av_one_third  avia-builder-el-first  first flex_column_div  '     ><p>\n<style type=\"text\/css\" data-created_by=\"avia_inline_auto\" id=\"style-css-av-ml6k795s-be0cc27c75eeea1134253f21c1a6e89e\">\n#top .av-special-heading.av-ml6k795s-be0cc27c75eeea1134253f21c1a6e89e{\npadding-bottom:10px;\n}\nbody .av-special-heading.av-ml6k795s-be0cc27c75eeea1134253f21c1a6e89e .av-special-heading-tag .heading-char{\nfont-size:25px;\n}\n.av-special-heading.av-ml6k795s-be0cc27c75eeea1134253f21c1a6e89e .av-subheading{\nfont-size:15px;\n}\n<\/style>\n<div  class='av-special-heading av-ml6k795s-be0cc27c75eeea1134253f21c1a6e89e av-special-heading-h3  avia-builder-el-1  el_before_av_textblock  avia-builder-el-first '><h3 class='av-special-heading-tag '  itemprop=\"headline\"  >\u00dcber uns<\/h3><div class=\"special-heading-border\"><div class=\"special-heading-inner-border\"><\/div><\/div><\/div><br \/>\n<section  class='av_textblock_section av-ml6k6osi-057a75936dfce34572563a13f9eeb571 '   itemscope=\"itemscope\" itemtype=\"https:\/\/schema.org\/CreativeWork\" ><div class='avia_textblock'  itemprop=\"text\" ><p>Im Februar 2025 wurde der F\u00f6rderverein f\u00fcr die Sparte Boule im VfL Westercelle e.V. gegr\u00fcndet, um gezielt die Entwicklung und F\u00f6rderung des Boulesports innerhalb des Vereins zu unterst\u00fctzen. Mit der Gr\u00fcndung dieses F\u00f6rdervereins wurde ein wichtiger Grundstein gelegt, um die Boule-Abteilung sowohl finanziell als auch materiell zu st\u00e4rken und deren Aktivit\u00e4ten nachhaltig zu sichern. Der Verein verfolgt dabei das Ziel, durch gezielte Zuwendungen, Bereitstellung von Materialien und das Erbringen von Dienstleistungen die Boulesparte zu f\u00f6rdern und weiter voranzubringen.<\/p>\n<p>Der F\u00f6rderverein des VfL Westercelle e.V. setzt sich daf\u00fcr ein, Boule-Veranstaltungen zu organisieren und aktiv zum Aufbau einer Jugendmannschaft beizutragen. In enger Zusammenarbeit mit dem Nieders\u00e4chsischen Petanque Verband (NPV) wird angestrebt, die Aufmerksamkeit f\u00fcr den Verein zu erh\u00f6hen und insbesondere das Interesse am Boulesport bei der j\u00fcngeren, mittleren und \u00e4lteren Generation zu f\u00f6rdern.<\/p>\n<p>Um dieses Ziel zu erreichen, werden gezielte Ma\u00dfnahmen und weitere Veranstaltungen durchgef\u00fchrt. Diese sollen sowohl das Interesse als auch die Begeisterung f\u00fcr den Boulesport nachhaltig f\u00f6rdern und dazu beitragen, dass der Verein in der Region noch erfolgreicher wird.<\/p>\n<p>Gemeinsam k\u00f6nnen wir die Boule-Sparte des VfL Westercelle e.V. noch erfolgreicher machen und f\u00fcr noch mehr Nachhaltigkeit sorgen.<\/p>\n<p>Der Mitgliedsbeitrag betr\u00e4gt f\u00fcnf Euro pro Monat.<\/p>\n<p>Wir z\u00e4hlen auf Deine\/Eure Unterst\u00fctzung.<\/p>\n<\/div><\/section><\/p><\/div>\n<div  class='flex_column av-celi2r-f564ad73152e6afa2418424f612b5461 av_one_third  avia-builder-el-3  el_after_av_two_third  el_before_av_one_full  flex_column_div  '     ><p>\n<style type=\"text\/css\" data-created_by=\"avia_inline_auto\" id=\"style-css-av-ml6k7xdc-4867336945b1c8b32807d4bf0de79803\">\n#top .av-special-heading.av-ml6k7xdc-4867336945b1c8b32807d4bf0de79803{\npadding-bottom:10px;\n}\nbody .av-special-heading.av-ml6k7xdc-4867336945b1c8b32807d4bf0de79803 .av-special-heading-tag .heading-char{\nfont-size:25px;\n}\n.av-special-heading.av-ml6k7xdc-4867336945b1c8b32807d4bf0de79803 .av-subheading{\nfont-size:15px;\n}\n<\/style>\n<div  class='av-special-heading av-ml6k7xdc-4867336945b1c8b32807d4bf0de79803 av-special-heading-h3  avia-builder-el-4  el_before_av_textblock  avia-builder-el-first '><h3 class='av-special-heading-tag '  itemprop=\"headline\"  >Downloads<\/h3><div class=\"special-heading-border\"><div class=\"special-heading-inner-border\"><\/div><\/div><\/div><br \/>\n<section  class='av_textblock_section av-ml6kevl3-6bd5869c85e9b1311e15ea9e174145a9 '   itemscope=\"itemscope\" itemtype=\"https:\/\/schema.org\/CreativeWork\" ><div class='avia_textblock'  itemprop=\"text\" ><p><a href=\"http:\/\/www.vfl-westercelle.de\/bou\/wp-content\/uploads\/sites\/28\/2026\/02\/Beitrittserklaerung.pdf\">Beitrittserkl\u00e4rung [PDF]<\/a><br \/>\n<a href=\"http:\/\/www.vfl-westercelle.de\/bou\/wp-content\/uploads\/sites\/28\/2026\/02\/Satzung-2025.pdf\">Satzung [PDF]<\/a><\/p>\n<\/div><\/section><br \/>\n\n<style type=\"text\/css\" data-created_by=\"avia_inline_auto\" id=\"style-css-av-ml6k8lv5-d17059393e0db00d4db03c48a63df5ac\">\n#top .av-special-heading.av-ml6k8lv5-d17059393e0db00d4db03c48a63df5ac{\npadding-bottom:10px;\n}\nbody .av-special-heading.av-ml6k8lv5-d17059393e0db00d4db03c48a63df5ac .av-special-heading-tag .heading-char{\nfont-size:25px;\n}\n.av-special-heading.av-ml6k8lv5-d17059393e0db00d4db03c48a63df5ac .av-subheading{\nfont-size:15px;\n}\n<\/style>\n<div  class='av-special-heading av-ml6k8lv5-d17059393e0db00d4db03c48a63df5ac av-special-heading-h3  avia-builder-el-6  el_after_av_textblock  el_before_av_textblock '><h3 class='av-special-heading-tag '  itemprop=\"headline\"  >Spendenkonto<\/h3><div class=\"special-heading-border\"><div class=\"special-heading-inner-border\"><\/div><\/div><\/div><br \/>\n<section  class='av_textblock_section av-ml6k9xjb-5b7f1c9eae1e9f23cf97db583245e3a3 '   itemscope=\"itemscope\" itemtype=\"https:\/\/schema.org\/CreativeWork\" ><div class='avia_textblock'  itemprop=\"text\" ><p>Sparkasse Celle-Gifhorn-Wolfsburg<br \/>\nIBAN DE26 9513 1101 6327 1493<br \/>\nBIC NOLADE21GFW<\/p>\n<\/div><\/section><\/p><\/div>\n<div  class='flex_column av-bj8ln7-bb387ec715ee1524b8a88f331d512e25 av_one_full  avia-builder-el-8  el_after_av_one_third  el_before_av_one_fourth  first flex_column_div  column-top-margin'     ><p>\n<style type=\"text\/css\" data-created_by=\"avia_inline_auto\" id=\"style-css-av-ml6kh1os-9f8bf330cb56cf965acaedc7b194d7af\">\n#top .av-special-heading.av-ml6kh1os-9f8bf330cb56cf965acaedc7b194d7af{\npadding-bottom:10px;\n}\nbody .av-special-heading.av-ml6kh1os-9f8bf330cb56cf965acaedc7b194d7af .av-special-heading-tag .heading-char{\nfont-size:25px;\n}\n.av-special-heading.av-ml6kh1os-9f8bf330cb56cf965acaedc7b194d7af .av-subheading{\nfont-size:15px;\n}\n<\/style>\n<div  class='av-special-heading av-ml6kh1os-9f8bf330cb56cf965acaedc7b194d7af av-special-heading-h3  avia-builder-el-9  el_before_av_textblock  avia-builder-el-first '><h3 class='av-special-heading-tag '  itemprop=\"headline\"  >Vorstand<\/h3><div class=\"special-heading-border\"><div class=\"special-heading-inner-border\"><\/div><\/div><\/div><br \/>\n<section  class='av_textblock_section av-ml6khzgb-867ae98ae8863e2e7e68f211fd586105 '   itemscope=\"itemscope\" itemtype=\"https:\/\/schema.org\/CreativeWork\" ><div class='avia_textblock'  itemprop=\"text\" ><p>Der Vorstand des F\u00f6rdervereins ist unter <a href=\"&#x6d;a&#x69;&#108;&#x74;&#111;&#x3a;&#x6b;o&#x6e;&#116;&#x61;&#107;&#x74;&#64;f&#x6f;&#101;&#x72;&#100;&#x65;&#114;v&#x65;&#114;&#x65;&#105;&#x6e;&#45;v&#x66;l&#x62;&#111;&#x75;&#108;e&#x2e;d&#x65;\">&#x6b;o&#x6e;&#116;a&#x6b;&#116;&#x40;&#x66;o&#x65;&#114;d&#x65;&#114;&#x76;&#101;r&#x65;&#105;n&#x2d;&#118;&#x66;&#108;b&#x6f;&#117;&#x6c;&#x65;&#46;&#x64;&#101;<\/a> zu erreichen.<\/p>\n<\/div><\/section><\/p><\/div><div  class='flex_column av-y93xf-1749c78c536d19704a36d3d25122dacb av_one_fourth  avia-builder-el-11  el_after_av_one_full  el_before_av_one_fourth  first flex_column_div  column-top-margin'     ><section  class='avia-team-member av-ml6klr3w-521c2da652e6f8807c138835e52ed04e  avia-builder-el-12  avia-builder-el-no-sibling '  itemscope=\"itemscope\" itemtype=\"https:\/\/schema.org\/Person\" ><div class=\"team-img-container\"><img decoding=\"async\" fetchpriority=\"high\" class='wp-image-73 avia-img-lazy-loading-not-73 avia_image avia_image_team' src=\"https:\/\/www.vfl-westercelle.de\/bou\/wp-content\/uploads\/sites\/28\/2018\/10\/platzhalter_mann_quadrat.jpg\" alt='Wilfried Dahms'  itemprop=\"image\"   height=\"500\" width=\"500\" srcset=\"https:\/\/www.vfl-westercelle.de\/bou\/wp-content\/uploads\/sites\/28\/2018\/10\/platzhalter_mann_quadrat.jpg 500w, https:\/\/www.vfl-westercelle.de\/bou\/wp-content\/uploads\/sites\/28\/2018\/10\/platzhalter_mann_quadrat-80x80.jpg 80w, https:\/\/www.vfl-westercelle.de\/bou\/wp-content\/uploads\/sites\/28\/2018\/10\/platzhalter_mann_quadrat-300x300.jpg 300w, https:\/\/www.vfl-westercelle.de\/bou\/wp-content\/uploads\/sites\/28\/2018\/10\/platzhalter_mann_quadrat-36x36.jpg 36w, https:\/\/www.vfl-westercelle.de\/bou\/wp-content\/uploads\/sites\/28\/2018\/10\/platzhalter_mann_quadrat-180x180.jpg 180w, https:\/\/www.vfl-westercelle.de\/bou\/wp-content\/uploads\/sites\/28\/2018\/10\/platzhalter_mann_quadrat-120x120.jpg 120w, https:\/\/www.vfl-westercelle.de\/bou\/wp-content\/uploads\/sites\/28\/2018\/10\/platzhalter_mann_quadrat-450x450.jpg 450w\" sizes=\"(max-width: 500px) 100vw, 500px\" \/><\/div><h3 class='team-member-name '  itemprop=\"name\" >Wilfried Dahms<\/h3><div class='team-member-job-title '  itemprop=\"jobTitle\" >1. Vorsitzender<\/div><span class='hidden team-member-affiliation'  itemprop=\"affiliation\" >VfL Westercelle - Boule<\/span><\/section><\/div><\/p>\n<div  class='flex_column av-88t9pf-aff8ae79e96299bf87e9719c91d38824 av_one_fourth  avia-builder-el-13  el_after_av_one_fourth  el_before_av_one_fourth  flex_column_div  column-top-margin'     ><section  class='avia-team-member av-ml6kmrvi-ecb12af9a30c1645d43c5d38cb17bd88  avia-builder-el-14  avia-builder-el-no-sibling '  itemscope=\"itemscope\" itemtype=\"https:\/\/schema.org\/Person\" ><div class=\"team-img-container\"><img decoding=\"async\" fetchpriority=\"high\" class='wp-image-73 avia-img-lazy-loading-not-73 avia_image avia_image_team' src=\"https:\/\/www.vfl-westercelle.de\/bou\/wp-content\/uploads\/sites\/28\/2018\/10\/platzhalter_mann_quadrat.jpg\" alt='Inge Dahms'  itemprop=\"image\"   height=\"500\" width=\"500\" srcset=\"https:\/\/www.vfl-westercelle.de\/bou\/wp-content\/uploads\/sites\/28\/2018\/10\/platzhalter_mann_quadrat.jpg 500w, https:\/\/www.vfl-westercelle.de\/bou\/wp-content\/uploads\/sites\/28\/2018\/10\/platzhalter_mann_quadrat-80x80.jpg 80w, https:\/\/www.vfl-westercelle.de\/bou\/wp-content\/uploads\/sites\/28\/2018\/10\/platzhalter_mann_quadrat-300x300.jpg 300w, https:\/\/www.vfl-westercelle.de\/bou\/wp-content\/uploads\/sites\/28\/2018\/10\/platzhalter_mann_quadrat-36x36.jpg 36w, https:\/\/www.vfl-westercelle.de\/bou\/wp-content\/uploads\/sites\/28\/2018\/10\/platzhalter_mann_quadrat-180x180.jpg 180w, https:\/\/www.vfl-westercelle.de\/bou\/wp-content\/uploads\/sites\/28\/2018\/10\/platzhalter_mann_quadrat-120x120.jpg 120w, https:\/\/www.vfl-westercelle.de\/bou\/wp-content\/uploads\/sites\/28\/2018\/10\/platzhalter_mann_quadrat-450x450.jpg 450w\" sizes=\"(max-width: 500px) 100vw, 500px\" \/><\/div><h3 class='team-member-name '  itemprop=\"name\" >Inge Dahms<\/h3><div class='team-member-job-title '  itemprop=\"jobTitle\" >Stellvertretende Vorsitzende<\/div><span class='hidden team-member-affiliation'  itemprop=\"affiliation\" >VfL Westercelle - Boule<\/span><\/section><\/div>\n<div  class='flex_column av-ihrjn-5c9fa6e41ab128b7efebbafec7f122f5 av_one_fourth  avia-builder-el-15  el_after_av_one_fourth  avia-builder-el-last  flex_column_div  column-top-margin'     ><section  class='avia-team-member av-ml6knw92-96c343be3b700629419c6f73976c7a53  avia-builder-el-16  avia-builder-el-no-sibling '  itemscope=\"itemscope\" itemtype=\"https:\/\/schema.org\/Person\" ><div class=\"team-img-container\"><img decoding=\"async\" fetchpriority=\"high\" class='wp-image-73 avia-img-lazy-loading-not-73 avia_image avia_image_team' src=\"https:\/\/www.vfl-westercelle.de\/bou\/wp-content\/uploads\/sites\/28\/2018\/10\/platzhalter_mann_quadrat.jpg\" alt='Uwe Galda'  itemprop=\"image\"   height=\"500\" width=\"500\" srcset=\"https:\/\/www.vfl-westercelle.de\/bou\/wp-content\/uploads\/sites\/28\/2018\/10\/platzhalter_mann_quadrat.jpg 500w, https:\/\/www.vfl-westercelle.de\/bou\/wp-content\/uploads\/sites\/28\/2018\/10\/platzhalter_mann_quadrat-80x80.jpg 80w, https:\/\/www.vfl-westercelle.de\/bou\/wp-content\/uploads\/sites\/28\/2018\/10\/platzhalter_mann_quadrat-300x300.jpg 300w, https:\/\/www.vfl-westercelle.de\/bou\/wp-content\/uploads\/sites\/28\/2018\/10\/platzhalter_mann_quadrat-36x36.jpg 36w, https:\/\/www.vfl-westercelle.de\/bou\/wp-content\/uploads\/sites\/28\/2018\/10\/platzhalter_mann_quadrat-180x180.jpg 180w, https:\/\/www.vfl-westercelle.de\/bou\/wp-content\/uploads\/sites\/28\/2018\/10\/platzhalter_mann_quadrat-120x120.jpg 120w, https:\/\/www.vfl-westercelle.de\/bou\/wp-content\/uploads\/sites\/28\/2018\/10\/platzhalter_mann_quadrat-450x450.jpg 450w\" sizes=\"(max-width: 500px) 100vw, 500px\" \/><\/div><h3 class='team-member-name '  itemprop=\"name\" >Uwe Galda<\/h3><div class='team-member-job-title '  itemprop=\"jobTitle\" >Kassenwart<\/div><span class='hidden team-member-affiliation'  itemprop=\"affiliation\" >VfL Westercelle - Boule<\/span><\/section><\/div>\n","protected":false},"excerpt":{"rendered":"","protected":false},"author":1,"featured_media":0,"parent":0,"menu_order":0,"comment_status":"closed","ping_status":"closed","template":"","meta":{"footnotes":""},"class_list":["post-1939","page","type-page","status-publish","hentry"],"_links":{"self":[{"href":"https:\/\/www.vfl-westercelle.de\/bou\/wp-json\/wp\/v2\/pages\/1939","targetHints":{"allow":["GET"]}}],"collection":[{"href":"https:\/\/www.vfl-westercelle.de\/bou\/wp-json\/wp\/v2\/pages"}],"about":[{"href":"https:\/\/www.vfl-westercelle.de\/bou\/wp-json\/wp\/v2\/types\/page"}],"author":[{"embeddable":true,"href":"https:\/\/www.vfl-westercelle.de\/bou\/wp-json\/wp\/v2\/users\/1"}],"replies":[{"embeddable":true,"href":"https:\/\/www.vfl-westercelle.de\/bou\/wp-json\/wp\/v2\/comments?post=1939"}],"version-history":[{"count":3,"href":"https:\/\/www.vfl-westercelle.de\/bou\/wp-json\/wp\/v2\/pages\/1939\/revisions"}],"predecessor-version":[{"id":2022,"href":"https:\/\/www.vfl-westercelle.de\/bou\/wp-json\/wp\/v2\/pages\/1939\/revisions\/2022"}],"wp:attachment":[{"href":"https:\/\/www.vfl-westercelle.de\/bou\/wp-json\/wp\/v2\/media?parent=1939"}],"curies":[{"name":"wp","href":"https:\/\/api.w.org\/{rel}","templated":true}]}}