{"id":256,"date":"2019-02-18T09:13:50","date_gmt":"2019-02-18T08:13:50","guid":{"rendered":"http:\/\/www.vfl-westercelle.de\/handb\/?page_id=256"},"modified":"2021-02-25T11:57:19","modified_gmt":"2021-02-25T10:57:19","slug":"projekte","status":"publish","type":"page","link":"https:\/\/www.vfl-westercelle.de\/handb\/projekte\/","title":{"rendered":"Projekte"},"content":{"rendered":"<section  class='av_textblock_section av-kl3kxaoy-45d9e2796ed152aa00c0a6cda8f6ac39 '   itemscope=\"itemscope\" itemtype=\"https:\/\/schema.org\/CreativeWork\" ><div class='avia_textblock'  itemprop=\"text\" ><p><strong>&#8222;2 Vereine-1 Ziel&#8220; &#8211; Kooperation mit dem SV Gar\u00dfen im Jugendhandball.<\/strong><\/p>\n<p>Ziel der Kooperation ist der Ausbau und die F\u00f6rderungdes Jugendhandballs. Die weiblichen Mannschaften werden unter dem SVG, die m\u00e4nnlichen Mannschaften unter dem VfL starten, dementsprechend sind dannauch die\u00a0 Vereinszugeh\u00f6rigkeiten. Alle Altersklassen werden mit mindestens einer Mannschaft gemeldet, bei Meldung von zwei Mannschaften kann der Leistungsgedanke umgesetzt werden. Die Zusammenarbeit umfasst gemeinsame Leistungskonzepte (Trainingsaufbau, Traineraustausch), vereins\u00fcbergreifende Events (Turniere, Trainingslager, Weihnachtsfeier, ect.) und gegenseitige Unterst\u00fctzung im Schiedsrichter-, Zeitnehmer- und Hallenwesen. Auch die Au\u00dfendarstellung soll eine Gemeinsamkeit hervorheben, durch Pressemitteilungen, identische Aufw\u00e4rm-T-Shirts, o.\u00e4.<\/p>\n<\/div><\/section>\n","protected":false},"excerpt":{"rendered":"","protected":false},"author":1,"featured_media":0,"parent":0,"menu_order":0,"comment_status":"closed","ping_status":"closed","template":"","meta":{"footnotes":""},"class_list":["post-256","page","type-page","status-publish","hentry"],"_links":{"self":[{"href":"https:\/\/www.vfl-westercelle.de\/handb\/wp-json\/wp\/v2\/pages\/256","targetHints":{"allow":["GET"]}}],"collection":[{"href":"https:\/\/www.vfl-westercelle.de\/handb\/wp-json\/wp\/v2\/pages"}],"about":[{"href":"https:\/\/www.vfl-westercelle.de\/handb\/wp-json\/wp\/v2\/types\/page"}],"author":[{"embeddable":true,"href":"https:\/\/www.vfl-westercelle.de\/handb\/wp-json\/wp\/v2\/users\/1"}],"replies":[{"embeddable":true,"href":"https:\/\/www.vfl-westercelle.de\/handb\/wp-json\/wp\/v2\/comments?post=256"}],"version-history":[{"count":4,"href":"https:\/\/www.vfl-westercelle.de\/handb\/wp-json\/wp\/v2\/pages\/256\/revisions"}],"predecessor-version":[{"id":468,"href":"https:\/\/www.vfl-westercelle.de\/handb\/wp-json\/wp\/v2\/pages\/256\/revisions\/468"}],"wp:attachment":[{"href":"https:\/\/www.vfl-westercelle.de\/handb\/wp-json\/wp\/v2\/media?parent=256"}],"curies":[{"name":"wp","href":"https:\/\/api.w.org\/{rel}","templated":true}]}}

<section  class='av_textblock_section av-kl3kxaoy-45d9e2796ed152aa00c0a6cda8f6ac39 '   itemscope="itemscope" itemtype="https://schema.org/CreativeWork" ><div class='avia_textblock'  itemprop="text" ><p><strong>&#8222;2 Vereine-1 Ziel&#8220; &#8211; Kooperation mit dem SV Garßen im Jugendhandball.</strong></p>
<p>Ziel der Kooperation ist der Ausbau und die Förderungdes Jugendhandballs. Die weiblichen Mannschaften werden unter dem SVG, die männlichen Mannschaften unter dem VfL starten, dementsprechend sind dannauch die  Vereinszugehörigkeiten. Alle Altersklassen werden mit mindestens einer Mannschaft gemeldet, bei Meldung von zwei Mannschaften kann der Leistungsgedanke umgesetzt werden. Die Zusammenarbeit umfasst gemeinsame Leistungskonzepte (Trainingsaufbau, Traineraustausch), vereinsübergreifende Events (Turniere, Trainingslager, Weihnachtsfeier, ect.) und gegenseitige Unterstützung im Schiedsrichter-, Zeitnehmer- und Hallenwesen. Auch die Außendarstellung soll eine Gemeinsamkeit hervorheben, durch Pressemitteilungen, identische Aufwärm-T-Shirts, o.ä.</p>
</div></section>
