{"id":485,"date":"2016-07-15T16:42:20","date_gmt":"2016-07-15T14:42:20","guid":{"rendered":"http:\/\/www.vfl-westercelle.de\/ju-jutsu\/?page_id=485"},"modified":"2023-02-26T11:36:40","modified_gmt":"2023-02-26T10:36:40","slug":"probetraining","status":"publish","type":"page","link":"https:\/\/www.vfl-westercelle.de\/ju-ju\/training\/probetraining\/","title":{"rendered":"Probetraining"},"content":{"rendered":"<section  class='av_textblock_section av-qwrdh-f75b60b906eee6b85b1eb861d482f85a '   itemscope=\"itemscope\" itemtype=\"https:\/\/schema.org\/CreativeWork\" ><div class='avia_textblock'  itemprop=\"text\" ><div>Einfach vorbeikommen! \u00a0F\u00fcr ein kostenfreies Probetraining gen\u00fcgt normale Sportbekleidung (z.B. ein Jogging-Anzug).<\/div>\n<div>Wir bieten Ju-Jutsu f\u00fcr Kinder, Jugendliche, Frauen und M\u00e4nner an.\u00a0Unser Angebot richtet sich mit differenzierten Inhalten an Sportler jeder Altersgruppe. Wir verf\u00fcgen \u00fcber insgesamt f\u00fcnf lizensierte Sport\u00fcbungsleiter-C, die regelm\u00e4\u00dfig an Fortbildungen des Kreisportbundes Celle und des Nieders\u00e4chsischen\u00a0bzw. Deutschen Ju-Jutsu Verbandes teilnehmen.<\/div>\n<div><\/div>\n<div>\n<p>Eltern sind uns beim Probetraining Ihrer Kinder als Zuschauer jederzeit herzlich Willkommen!<\/p>\n<div  class='avia-button-wrap av-kn2dh-c55cec95da883271c7677dec5dcac6c6-wrap avia-button-left  avia-builder-el-1  avia-builder-el-no-sibling '><a href='https:\/\/www.vfl-westercelle.de\/ju-ju\/training\/trainingszeiten\/'  class='avia-button av-kn2dh-c55cec95da883271c7677dec5dcac6c6 av-link-btn avia-icon_select-no avia-size-small avia-position-left avia-color-theme-color'  target=\"_blank\"  rel=\"noopener noreferrer\"  aria-label=\"Trainingszeiten\"><span class='avia_iconbox_title' >Trainingszeiten<\/span><\/a><\/div><\/div>\n<\/div><\/section>\n<section  class='av_textblock_section av-qwrdh-0eba4d32d1a1ce1e245d63689aba1e00 '   itemscope=\"itemscope\" itemtype=\"https:\/\/schema.org\/CreativeWork\" ><div class='avia_textblock'  itemprop=\"text\" ><p><strong>Bei Interesse an einem Probetraining melden Sie sich gerne bei:<\/strong><\/p>\n<p>Reinhold Schneider-Nieskens<\/p>\n<p>ju&#45;&#106;&#117;&#x74;&#x73;&#x75;&#x40;&#x76;fl&#45;&#119;&#101;&#x73;&#x74;&#x65;&#x72;&#x63;el&#108;&#101;&#46;&#x64;&#x65;<\/p>\n<p>05141\/977058<\/p>\n<\/div><\/section>\n\n<style type=\"text\/css\" data-created_by=\"avia_inline_auto\" id=\"style-css-av-6ocdp-af80aa2f0cb390ee4c041de3bebaa836\">\n.avia-image-container.av-6ocdp-af80aa2f0cb390ee4c041de3bebaa836 img.avia_image{\nbox-shadow:none;\n}\n.avia-image-container.av-6ocdp-af80aa2f0cb390ee4c041de3bebaa836 .av-image-caption-overlay-center{\ncolor:#ffffff;\n}\n<\/style>\n<div  class='avia-image-container av-6ocdp-af80aa2f0cb390ee4c041de3bebaa836 av-styling- avia-align-left  avia-builder-el-3  el_after_av_textblock  el_before_av_hr '   itemprop=\"image\" itemscope=\"itemscope\" itemtype=\"https:\/\/schema.org\/ImageObject\" ><div class=\"avia-image-container-inner\"><div class=\"avia-image-overlay-wrap\"><img fetchpriority=\"high\" class='wp-image-1501 avia-img-lazy-loading-not-1501 avia_image ' src='https:\/\/www.vfl-westercelle.de\/ju-ju\/wp-content\/uploads\/sites\/2\/2016\/07\/Schneider-Nieskens_Reinhold-300x300.jpg' alt='' title='Schneider-Nieskens_Reinhold'  height=\"300\" width=\"300\"  itemprop=\"thumbnailUrl\"  \/><\/div><\/div><\/div>\n\n<style type=\"text\/css\" data-created_by=\"avia_inline_auto\" id=\"style-css-av-gddyt-3338fa7ac76e801f9d72ed4d82245a52\">\n#top .hr.hr-invisible.av-gddyt-3338fa7ac76e801f9d72ed4d82245a52{\nheight:25px;\n}\n<\/style>\n<div  class='hr av-gddyt-3338fa7ac76e801f9d72ed4d82245a52 hr-invisible  avia-builder-el-4  el_after_av_image  avia-builder-el-last '><span class='hr-inner '><span class=\"hr-inner-style\"><\/span><\/span><\/div>\n","protected":false},"excerpt":{"rendered":"","protected":false},"author":8,"featured_media":0,"parent":855,"menu_order":0,"comment_status":"closed","ping_status":"closed","template":"","meta":{"footnotes":""},"class_list":["post-485","page","type-page","status-publish","hentry"],"_links":{"self":[{"href":"https:\/\/www.vfl-westercelle.de\/ju-ju\/wp-json\/wp\/v2\/pages\/485","targetHints":{"allow":["GET"]}}],"collection":[{"href":"https:\/\/www.vfl-westercelle.de\/ju-ju\/wp-json\/wp\/v2\/pages"}],"about":[{"href":"https:\/\/www.vfl-westercelle.de\/ju-ju\/wp-json\/wp\/v2\/types\/page"}],"author":[{"embeddable":true,"href":"https:\/\/www.vfl-westercelle.de\/ju-ju\/wp-json\/wp\/v2\/users\/8"}],"replies":[{"embeddable":true,"href":"https:\/\/www.vfl-westercelle.de\/ju-ju\/wp-json\/wp\/v2\/comments?post=485"}],"version-history":[{"count":3,"href":"https:\/\/www.vfl-westercelle.de\/ju-ju\/wp-json\/wp\/v2\/pages\/485\/revisions"}],"predecessor-version":[{"id":2998,"href":"https:\/\/www.vfl-westercelle.de\/ju-ju\/wp-json\/wp\/v2\/pages\/485\/revisions\/2998"}],"up":[{"embeddable":true,"href":"https:\/\/www.vfl-westercelle.de\/ju-ju\/wp-json\/wp\/v2\/pages\/855"}],"wp:attachment":[{"href":"https:\/\/www.vfl-westercelle.de\/ju-ju\/wp-json\/wp\/v2\/media?parent=485"}],"curies":[{"name":"wp","href":"https:\/\/api.w.org\/{rel}","templated":true}]}}

<section  class='av_textblock_section av-qwrdh-f75b60b906eee6b85b1eb861d482f85a '   itemscope="itemscope" itemtype="https://schema.org/CreativeWork" ><div class='avia_textblock'  itemprop="text" ><div>Einfach vorbeikommen!  Für ein kostenfreies Probetraining genügt normale Sportbekleidung (z.B. ein Jogging-Anzug).</div>
<div>Wir bieten Ju-Jutsu für Kinder, Jugendliche, Frauen und Männer an. Unser Angebot richtet sich mit differenzierten Inhalten an Sportler jeder Altersgruppe. Wir verfügen über insgesamt fünf lizensierte Sportübungsleiter-C, die regelmäßig an Fortbildungen des Kreisportbundes Celle und des Niedersächsischen bzw. Deutschen Ju-Jutsu Verbandes teilnehmen.</div>
<div></div>
<div>
<p>Eltern sind uns beim Probetraining Ihrer Kinder als Zuschauer jederzeit herzlich Willkommen!</p>
<div  class='avia-button-wrap av-kn2dh-c55cec95da883271c7677dec5dcac6c6-wrap avia-button-left  avia-builder-el-1  avia-builder-el-no-sibling '><a href='https://www.vfl-westercelle.de/ju-ju/training/trainingszeiten/'  class='avia-button av-kn2dh-c55cec95da883271c7677dec5dcac6c6 av-link-btn avia-icon_select-no avia-size-small avia-position-left avia-color-theme-color'  target="_blank"  rel="noopener noreferrer"  aria-label="Trainingszeiten"><span class='avia_iconbox_title' >Trainingszeiten</span></a></div></div>
</div></section>
<section  class='av_textblock_section av-qwrdh-0eba4d32d1a1ce1e245d63689aba1e00 '   itemscope="itemscope" itemtype="https://schema.org/CreativeWork" ><div class='avia_textblock'  itemprop="text" ><p><strong>Bei Interesse an einem Probetraining melden Sie sich gerne bei:</strong></p>
<p>Reinhold Schneider-Nieskens</p>
<p>ju&#45;&#106;&#117;&#x74;&#x73;&#x75;&#x40;&#x76;fl&#45;&#119;&#101;&#x73;&#x74;&#x65;&#x72;&#x63;el&#108;&#101;&#46;&#x64;&#x65;</p>
<p>05141/977058</p>
</div></section>

<style type="text/css" data-created_by="avia_inline_auto" id="style-css-av-6ocdp-af80aa2f0cb390ee4c041de3bebaa836">
.avia-image-container.av-6ocdp-af80aa2f0cb390ee4c041de3bebaa836 img.avia_image{
box-shadow:none;
}
.avia-image-container.av-6ocdp-af80aa2f0cb390ee4c041de3bebaa836 .av-image-caption-overlay-center{
color:#ffffff;
}
</style>
<div  class='avia-image-container av-6ocdp-af80aa2f0cb390ee4c041de3bebaa836 av-styling- avia-align-left  avia-builder-el-3  el_after_av_textblock  el_before_av_hr '   itemprop="image" itemscope="itemscope" itemtype="https://schema.org/ImageObject" ><div class="avia-image-container-inner"><div class="avia-image-overlay-wrap"><img fetchpriority="high" class='wp-image-1501 avia-img-lazy-loading-not-1501 avia_image ' src='https://www.vfl-westercelle.de/ju-ju/wp-content/uploads/sites/2/2016/07/Schneider-Nieskens_Reinhold-300x300.jpg' alt='' title='Schneider-Nieskens_Reinhold'  height="300" width="300"  itemprop="thumbnailUrl"  /></div></div></div>

<style type="text/css" data-created_by="avia_inline_auto" id="style-css-av-gddyt-3338fa7ac76e801f9d72ed4d82245a52">
#top .hr.hr-invisible.av-gddyt-3338fa7ac76e801f9d72ed4d82245a52{
height:25px;
}
</style>
<div  class='hr av-gddyt-3338fa7ac76e801f9d72ed4d82245a52 hr-invisible  avia-builder-el-4  el_after_av_image  avia-builder-el-last '><span class='hr-inner '><span class="hr-inner-style"></span></span></div>
