{"id":503,"date":"2016-07-15T16:44:46","date_gmt":"2016-07-15T14:44:46","guid":{"rendered":"http:\/\/www.vfl-westercelle.de\/ju-jutsu\/?page_id=503"},"modified":"2019-10-28T11:40:44","modified_gmt":"2019-10-28T10:40:44","slug":"leistungssport-im-njjv","status":"publish","type":"page","link":"https:\/\/www.vfl-westercelle.de\/ju-ju\/wettkampf\/leistungssport-im-njjv\/","title":{"rendered":"Leistungssport im NJJV"},"content":{"rendered":"\n<style type=\"text\/css\" data-created_by=\"avia_inline_auto\" id=\"style-css-av-1q5q9b-fe4628e2970159b32a57851965ca9b67\">\n.flex_column.av-1q5q9b-fe4628e2970159b32a57851965ca9b67{\nborder-radius:0px 0px 0px 0px;\npadding:0px 0px 0px 0px;\n}\n<\/style>\n<div  class='flex_column av-1q5q9b-fe4628e2970159b32a57851965ca9b67 av_one_fourth  avia-builder-el-0  el_before_av_one_half  avia-builder-el-first  first flex_column_div av-zero-column-padding  '     ><style type=\"text\/css\" data-created_by=\"avia_inline_auto\" id=\"style-css-av-1javon-33e78003464ee112b5c80b2ac5a215bb\">\n.avia-image-container.av-1javon-33e78003464ee112b5c80b2ac5a215bb img.avia_image{\nbox-shadow:none;\n}\n.avia-image-container.av-1javon-33e78003464ee112b5c80b2ac5a215bb .av-image-caption-overlay-center{\ncolor:#ffffff;\n}\n<\/style>\n<div  class='avia-image-container av-1javon-33e78003464ee112b5c80b2ac5a215bb av-styling- av-img-linked avia-align-center  avia-builder-el-1  avia-builder-el-no-sibling '   itemprop=\"image\" itemscope=\"itemscope\" itemtype=\"https:\/\/schema.org\/ImageObject\" ><div class=\"avia-image-container-inner\"><div class=\"avia-image-overlay-wrap\"><a href=\"http:\/\/www.njjv-leistungssport.de\/\" class='avia_image '  target=\"_blank\"  rel=\"noopener noreferrer\" aria-label='ls-njjv'><img fetchpriority=\"high\" class='wp-image-767 avia-img-lazy-loading-not-767 avia_image ' src='https:\/\/www.vfl-westercelle.de\/ju-ju\/wp-content\/uploads\/sites\/2\/2016\/07\/ls-njjv.png' alt='' title='ls-njjv'  height=\"207\" width=\"150\"  itemprop=\"thumbnailUrl\"  \/><\/a><\/div><\/div><\/div><\/div>\n\n<style type=\"text\/css\" data-created_by=\"avia_inline_auto\" id=\"style-css-av-1c8ld3-943798d766e8af75b0f02749e4c9de79\">\n.flex_column.av-1c8ld3-943798d766e8af75b0f02749e4c9de79{\nborder-radius:0px 0px 0px 0px;\npadding:0px 0px 0px 0px;\n}\n<\/style>\n<div  class='flex_column av-1c8ld3-943798d766e8af75b0f02749e4c9de79 av_one_half  avia-builder-el-2  el_after_av_one_fourth  el_before_av_one_fourth  flex_column_div av-zero-column-padding  '     ><section  class='av_textblock_section av-17gf27-47b728abec6c102dc786b1394fcc018b '   itemscope=\"itemscope\" itemtype=\"https:\/\/schema.org\/CreativeWork\" ><div class='avia_textblock'  itemprop=\"text\" ><p>Der VfL Westercelle bietet auch die M\u00f6glichkeit, Ju-Jutsu als Leistungssport auszu\u00fcben.<\/p>\n<div  class='avia-button-wrap av-13pdy7-19ee5dd71580a49b614832c0703512b5-wrap avia-button-left  avia-builder-el-4  el_before_av_button  avia-builder-el-first '><a href='http:\/\/www.njjv-leistungssport.de\/'  class='avia-button av-13pdy7-19ee5dd71580a49b614832c0703512b5 av-link-btn avia-icon_select-no avia-size-small avia-position-left avia-color-theme-color'  target=\"_blank\"  rel=\"noopener noreferrer\"  aria-label=\"Informationen zum Leistungssport\"><span class='avia_iconbox_title' >Informationen zum Leistungssport<\/span><\/a><\/div>\n<p>Unsere Wettk\u00e4mpfer nehmen regelm\u00e4\u00dfig an regionalen, nationalen und internationalen \u00a0Vergleichsk\u00e4mpfen im In- und Ausland\u00a0mit Erfolg teil.<\/p>\n<div  class='avia-button-wrap av-wcfdb-efbc4a847829038fe83c78abbc8e4525-wrap avia-button-left  avia-builder-el-5  el_after_av_button  avia-builder-el-last '><a href='http:\/\/www.vfl-westercelle.de\/ju-ju\/wettkampf\/erfolge\/'  class='avia-button av-wcfdb-efbc4a847829038fe83c78abbc8e4525 av-link-btn avia-icon_select-no avia-size-small avia-position-left avia-color-theme-color'   aria-label=\"Unsere Sieger\"><span class='avia_iconbox_title' >Unsere Sieger<\/span><\/a><\/div>\n<\/div><\/section><\/div>\n\n<style type=\"text\/css\" data-created_by=\"avia_inline_auto\" id=\"style-css-av-tczbb-e9616359208043e56a3327504c096aab\">\n.flex_column.av-tczbb-e9616359208043e56a3327504c096aab{\nborder-radius:0px 0px 0px 0px;\npadding:0px 0px 0px 0px;\n}\n<\/style>\n<div  class='flex_column av-tczbb-e9616359208043e56a3327504c096aab av_one_fourth  avia-builder-el-6  el_after_av_one_half  el_before_av_hr  flex_column_div av-zero-column-padding  '     ><style type=\"text\/css\" data-created_by=\"avia_inline_auto\" id=\"style-css-av-nomtz-d10d1ed1c2e8a1c0beb3b5ed9611299e\">\n.avia-image-container.av-nomtz-d10d1ed1c2e8a1c0beb3b5ed9611299e img.avia_image{\nbox-shadow:none;\n}\n.avia-image-container.av-nomtz-d10d1ed1c2e8a1c0beb3b5ed9611299e .av-image-caption-overlay-center{\ncolor:#ffffff;\n}\n<\/style>\n<div  class='avia-image-container av-nomtz-d10d1ed1c2e8a1c0beb3b5ed9611299e av-styling- av-img-linked avia-align-center  avia-builder-el-7  avia-builder-el-no-sibling '   itemprop=\"image\" itemscope=\"itemscope\" itemtype=\"https:\/\/schema.org\/ImageObject\" ><div class=\"avia-image-container-inner\"><div class=\"avia-image-overlay-wrap\"><a href=\"https:\/\/www.vfl-westercelle.de\/ju-ju\/wp-content\/uploads\/sites\/2\/2018\/01\/LEM-2018.jpg\" class='avia_image '  aria-label='LEM 2018'><img fetchpriority=\"high\" class='wp-image-1604 avia-img-lazy-loading-not-1604 avia_image ' src='https:\/\/www.vfl-westercelle.de\/ju-ju\/wp-content\/uploads\/sites\/2\/2018\/01\/LEM-2018.jpg' alt='' title='LEM 2018'  height=\"982\" width=\"698\"  itemprop=\"thumbnailUrl\"  \/><\/a><\/div><\/div><\/div><\/div>\n\n<style type=\"text\/css\" data-created_by=\"avia_inline_auto\" id=\"style-css-av-hnonb-9a4afea41c6efb92c95b5f4cac6302db\">\n#top .hr.hr-invisible.av-hnonb-9a4afea41c6efb92c95b5f4cac6302db{\nheight:20px;\n}\n<\/style>\n<div  class='hr av-hnonb-9a4afea41c6efb92c95b5f4cac6302db hr-invisible  avia-builder-el-8  el_after_av_one_fourth  el_before_av_codeblock '><span class='hr-inner '><span class=\"hr-inner-style\"><\/span><\/span><\/div>\n\n","protected":false},"excerpt":{"rendered":"","protected":false},"author":1,"featured_media":0,"parent":501,"menu_order":0,"comment_status":"closed","ping_status":"closed","template":"","meta":{"footnotes":""},"class_list":["post-503","page","type-page","status-publish","hentry"],"_links":{"self":[{"href":"https:\/\/www.vfl-westercelle.de\/ju-ju\/wp-json\/wp\/v2\/pages\/503","targetHints":{"allow":["GET"]}}],"collection":[{"href":"https:\/\/www.vfl-westercelle.de\/ju-ju\/wp-json\/wp\/v2\/pages"}],"about":[{"href":"https:\/\/www.vfl-westercelle.de\/ju-ju\/wp-json\/wp\/v2\/types\/page"}],"author":[{"embeddable":true,"href":"https:\/\/www.vfl-westercelle.de\/ju-ju\/wp-json\/wp\/v2\/users\/1"}],"replies":[{"embeddable":true,"href":"https:\/\/www.vfl-westercelle.de\/ju-ju\/wp-json\/wp\/v2\/comments?post=503"}],"version-history":[{"count":10,"href":"https:\/\/www.vfl-westercelle.de\/ju-ju\/wp-json\/wp\/v2\/pages\/503\/revisions"}],"predecessor-version":[{"id":2408,"href":"https:\/\/www.vfl-westercelle.de\/ju-ju\/wp-json\/wp\/v2\/pages\/503\/revisions\/2408"}],"up":[{"embeddable":true,"href":"https:\/\/www.vfl-westercelle.de\/ju-ju\/wp-json\/wp\/v2\/pages\/501"}],"wp:attachment":[{"href":"https:\/\/www.vfl-westercelle.de\/ju-ju\/wp-json\/wp\/v2\/media?parent=503"}],"curies":[{"name":"wp","href":"https:\/\/api.w.org\/{rel}","templated":true}]}}

<style type="text/css" data-created_by="avia_inline_auto" id="style-css-av-1q5q9b-fe4628e2970159b32a57851965ca9b67">
.flex_column.av-1q5q9b-fe4628e2970159b32a57851965ca9b67{
border-radius:0px 0px 0px 0px;
padding:0px 0px 0px 0px;
}
</style>
<div  class='flex_column av-1q5q9b-fe4628e2970159b32a57851965ca9b67 av_one_fourth  avia-builder-el-0  el_before_av_one_half  avia-builder-el-first  first flex_column_div av-zero-column-padding  '     ><style type="text/css" data-created_by="avia_inline_auto" id="style-css-av-1javon-33e78003464ee112b5c80b2ac5a215bb">
.avia-image-container.av-1javon-33e78003464ee112b5c80b2ac5a215bb img.avia_image{
box-shadow:none;
}
.avia-image-container.av-1javon-33e78003464ee112b5c80b2ac5a215bb .av-image-caption-overlay-center{
color:#ffffff;
}
</style>
<div  class='avia-image-container av-1javon-33e78003464ee112b5c80b2ac5a215bb av-styling- av-img-linked avia-align-center  avia-builder-el-1  avia-builder-el-no-sibling '   itemprop="image" itemscope="itemscope" itemtype="https://schema.org/ImageObject" ><div class="avia-image-container-inner"><div class="avia-image-overlay-wrap"><a href="http://www.njjv-leistungssport.de/" class='avia_image '  target="_blank"  rel="noopener noreferrer" aria-label='ls-njjv'><img fetchpriority="high" class='wp-image-767 avia-img-lazy-loading-not-767 avia_image ' src='https://www.vfl-westercelle.de/ju-ju/wp-content/uploads/sites/2/2016/07/ls-njjv.png' alt='' title='ls-njjv'  height="207" width="150"  itemprop="thumbnailUrl"  /></a></div></div></div></div>

<style type="text/css" data-created_by="avia_inline_auto" id="style-css-av-1c8ld3-943798d766e8af75b0f02749e4c9de79">
.flex_column.av-1c8ld3-943798d766e8af75b0f02749e4c9de79{
border-radius:0px 0px 0px 0px;
padding:0px 0px 0px 0px;
}
</style>
<div  class='flex_column av-1c8ld3-943798d766e8af75b0f02749e4c9de79 av_one_half  avia-builder-el-2  el_after_av_one_fourth  el_before_av_one_fourth  flex_column_div av-zero-column-padding  '     ><section  class='av_textblock_section av-17gf27-47b728abec6c102dc786b1394fcc018b '   itemscope="itemscope" itemtype="https://schema.org/CreativeWork" ><div class='avia_textblock'  itemprop="text" ><p>Der VfL Westercelle bietet auch die Möglichkeit, Ju-Jutsu als Leistungssport auszuüben.</p>
<div  class='avia-button-wrap av-13pdy7-19ee5dd71580a49b614832c0703512b5-wrap avia-button-left  avia-builder-el-4  el_before_av_button  avia-builder-el-first '><a href='http://www.njjv-leistungssport.de/'  class='avia-button av-13pdy7-19ee5dd71580a49b614832c0703512b5 av-link-btn avia-icon_select-no avia-size-small avia-position-left avia-color-theme-color'  target="_blank"  rel="noopener noreferrer"  aria-label="Informationen zum Leistungssport"><span class='avia_iconbox_title' >Informationen zum Leistungssport</span></a></div>
<p>Unsere Wettkämpfer nehmen regelmäßig an regionalen, nationalen und internationalen  Vergleichskämpfen im In- und Ausland mit Erfolg teil.</p>
<div  class='avia-button-wrap av-wcfdb-efbc4a847829038fe83c78abbc8e4525-wrap avia-button-left  avia-builder-el-5  el_after_av_button  avia-builder-el-last '><a href='http://www.vfl-westercelle.de/ju-ju/wettkampf/erfolge/'  class='avia-button av-wcfdb-efbc4a847829038fe83c78abbc8e4525 av-link-btn avia-icon_select-no avia-size-small avia-position-left avia-color-theme-color'   aria-label="Unsere Sieger"><span class='avia_iconbox_title' >Unsere Sieger</span></a></div>
</div></section></div>

<style type="text/css" data-created_by="avia_inline_auto" id="style-css-av-tczbb-e9616359208043e56a3327504c096aab">
.flex_column.av-tczbb-e9616359208043e56a3327504c096aab{
border-radius:0px 0px 0px 0px;
padding:0px 0px 0px 0px;
}
</style>
<div  class='flex_column av-tczbb-e9616359208043e56a3327504c096aab av_one_fourth  avia-builder-el-6  el_after_av_one_half  el_before_av_hr  flex_column_div av-zero-column-padding  '     ><style type="text/css" data-created_by="avia_inline_auto" id="style-css-av-nomtz-d10d1ed1c2e8a1c0beb3b5ed9611299e">
.avia-image-container.av-nomtz-d10d1ed1c2e8a1c0beb3b5ed9611299e img.avia_image{
box-shadow:none;
}
.avia-image-container.av-nomtz-d10d1ed1c2e8a1c0beb3b5ed9611299e .av-image-caption-overlay-center{
color:#ffffff;
}
</style>
<div  class='avia-image-container av-nomtz-d10d1ed1c2e8a1c0beb3b5ed9611299e av-styling- av-img-linked avia-align-center  avia-builder-el-7  avia-builder-el-no-sibling '   itemprop="image" itemscope="itemscope" itemtype="https://schema.org/ImageObject" ><div class="avia-image-container-inner"><div class="avia-image-overlay-wrap"><a href="https://www.vfl-westercelle.de/ju-ju/wp-content/uploads/sites/2/2018/01/LEM-2018.jpg" class='avia_image '  aria-label='LEM 2018'><img fetchpriority="high" class='wp-image-1604 avia-img-lazy-loading-not-1604 avia_image ' src='https://www.vfl-westercelle.de/ju-ju/wp-content/uploads/sites/2/2018/01/LEM-2018.jpg' alt='' title='LEM 2018'  height="982" width="698"  itemprop="thumbnailUrl"  /></a></div></div></div></div>

<style type="text/css" data-created_by="avia_inline_auto" id="style-css-av-hnonb-9a4afea41c6efb92c95b5f4cac6302db">
#top .hr.hr-invisible.av-hnonb-9a4afea41c6efb92c95b5f4cac6302db{
height:20px;
}
</style>
<div  class='hr av-hnonb-9a4afea41c6efb92c95b5f4cac6302db hr-invisible  avia-builder-el-8  el_after_av_one_fourth  el_before_av_codeblock '><span class='hr-inner '><span class="hr-inner-style"></span></span></div>
