{"id":820,"date":"2017-11-24T11:51:49","date_gmt":"2017-11-24T10:51:49","guid":{"rendered":"http:\/\/www.vfl-westercelle.de\/kt\/?page_id=820"},"modified":"2023-02-03T08:34:43","modified_gmt":"2023-02-03T07:34:43","slug":"kurszeiten","status":"publish","type":"page","link":"https:\/\/www.vfl-westercelle.de\/kt\/kurszeiten\/","title":{"rendered":"Kurszeiten"},"content":{"rendered":"\n<style type=\"text\/css\" data-created_by=\"avia_inline_auto\" id=\"style-css-av-hf2pg-353bd3904f1faafbe1423f4ffeb02ea6\">\n.flex_column.av-hf2pg-353bd3904f1faafbe1423f4ffeb02ea6{\nborder-radius:0px 0px 0px 0px;\npadding:0px 0px 0px 0px;\n}\n<\/style>\n<div  class='flex_column av-hf2pg-353bd3904f1faafbe1423f4ffeb02ea6 av_one_full  avia-builder-el-0  avia-builder-el-no-sibling  first flex_column_div av-zero-column-padding  '     ><style type=\"text\/css\" data-created_by=\"avia_inline_auto\" id=\"style-css-av-kh7lxgrx-fa155521248a4f4335b7c3199ed8af84\">\n#top .avia-icon-list-container.av-kh7lxgrx-fa155521248a4f4335b7c3199ed8af84 .iconlist_icon{\ncolor:#eeee22;\nbackground-color:#0a0a0a;\n}\n#top .avia-icon-list-container.av-kh7lxgrx-fa155521248a4f4335b7c3199ed8af84 .iconlist_icon svg:first-child{\nstroke:#eeee22;\nfill:#eeee22;\n}\n<\/style>\n<div  class='avia-icon-list-container av-kh7lxgrx-fa155521248a4f4335b7c3199ed8af84  avia-builder-el-1  avia-builder-el-no-sibling '><ul class='avia-icon-list avia_animate_when_almost_visible avia-icon-list-left av-iconlist-big av-kh7lxgrx-fa155521248a4f4335b7c3199ed8af84 avia-iconlist-animate'>\n<li><div class='iconlist_icon av-vl7g-c9656bd7dbeff61ddf7a0033d91176ea avia-font-entypo-fontello avia-iconfont avia-font-entypo-fontello'><span class='av-icon-char' data-av_icon='\ue862' data-av_iconfont='entypo-fontello' aria-hidden=\"true\"><\/span><\/div><article class=\"article-icon-entry \"  itemscope=\"itemscope\" itemtype=\"https:\/\/schema.org\/CreativeWork\" ><div class=\"iconlist_content_wrap\"><header class=\"entry-content-header\" aria-label=\"Icon: \"><\/header><div class='iconlist_content '  itemprop=\"text\" ><div  class='togglecontainer av-ywyms-c9979b553283308d43523f52dffaf6fd  avia-builder-el-2  avia-builder-el-no-sibling  toggle_close_all' >\n<section class='av_toggle_section av-2gnzo-d39f93488e6598fcb48320bdf2592855'  itemscope=\"itemscope\" itemtype=\"https:\/\/schema.org\/CreativeWork\" ><div role=\"tablist\" class=\"single_toggle\" data-tags=\"{Alle} \"  ><p id='toggle-toggle-id-1' data-fake-id='#toggle-id-1' class='toggler  av-title-above '  itemprop=\"headline\"  role='tab' tabindex='0' aria-controls='toggle-id-1' data-slide-speed=\"200\" data-title=\"Montags\" data-title-open=\"\" data-aria_collapsed=\"Click to expand: Montags\" data-aria_expanded=\"Click to collapse: Montags\">Montags<span class=\"toggle_icon\"><span class=\"vert_icon\"><\/span><span class=\"hor_icon\"><\/span><\/span><\/p><div id='toggle-id-1' aria-labelledby='toggle-toggle-id-1' role='region' class='toggle_wrap  av-title-above'  ><div class='toggle_content invers-color '  itemprop=\"text\" ><p><b>Kinderturnen<br \/>\n1-4 Jahre<\/b><br \/>\nmit Eltern<br \/>\n15.35 &#8211; 16.40 Uhr<br \/>\nNadelberghalle<br \/>\n<em>Y. + F. Mohs<\/em><\/p>\n<p><b>Kinderturnen<br \/>\n4-6 Jahre<\/b><br \/>\nohne Eltern<br \/>\n16.45 &#8211; 18.00 Uhr<br \/>\nNadelberghalle<br \/>\n<em>Y.+ F. Mohs<\/em><\/p>\n<p><b>Kinderturnen<br \/>\n1-4 Jahre &#8211; begrenzte Teilnehmerzahl<\/b><br \/>\n16.00 &#8211; 17.00 Uhr<br \/>\n<em>Bruchhagenhalle<\/em><br \/>\n<em>Both<\/em><\/p>\n<p><b>Kinderturnen<br \/>\n4-6 Jahre &#8211; begrenzte Teilnehmerzahl<\/b><br \/>\nohne Eltern<br \/>\n17.00 &#8211; 18.00 Uhr<br \/>\n<em>Bruchhagenhalle<\/em><br \/>\n<em>Both<\/em><\/p>\n<\/div><\/div><\/div><\/section>\n<section class='av_toggle_section av-iw7ik-72fdb9baaad16233a4abb248f1db04a7'  itemscope=\"itemscope\" itemtype=\"https:\/\/schema.org\/CreativeWork\" ><div role=\"tablist\" class=\"single_toggle\" data-tags=\"{Alle} \"  ><p id='toggle-toggle-id-2' data-fake-id='#toggle-id-2' class='toggler  av-title-above '  itemprop=\"headline\"  role='tab' tabindex='0' aria-controls='toggle-id-2' data-slide-speed=\"200\" data-title=\"Mittwochs\" data-title-open=\"\" data-aria_collapsed=\"Click to expand: Mittwochs\" data-aria_expanded=\"Click to collapse: Mittwochs\">Mittwochs<span class=\"toggle_icon\"><span class=\"vert_icon\"><\/span><span class=\"hor_icon\"><\/span><\/span><\/p><div id='toggle-id-2' aria-labelledby='toggle-toggle-id-2' role='region' class='toggle_wrap  av-title-above'  ><div class='toggle_content invers-color '  itemprop=\"text\" ><p><b>Kinderturnen<br \/>\n1-4 Jahre &#8211; begrenzte Teilnehmerzahl<\/b><br \/>\n16.00 &#8211; 17.00 Uhr<br \/>\nBruchhagenhalle<br \/>\n<em>Both<\/em><\/p>\n<p><b>Kinderturnen<br \/>\n4-6 Jahre<\/b><strong>&#8211; begrenzte Teilnehmerzahl<\/strong><br \/>\nohne Eltern<br \/>\n17.00 &#8211; 18.00 Uhr<br \/>\nBruchhagenhalle<br \/>\n<em>Both<\/em><\/p>\n<\/div><\/div><\/div><\/section>\n<section class='av_toggle_section av-ed7gk-1b04b4b2b8aed3f1cc3f226021e1cb05'  itemscope=\"itemscope\" itemtype=\"https:\/\/schema.org\/CreativeWork\" ><div role=\"tablist\" class=\"single_toggle\" data-tags=\"{Alle} \"  ><p id='toggle-toggle-id-3' data-fake-id='#toggle-id-3' class='toggler  av-title-above '  itemprop=\"headline\"  role='tab' tabindex='0' aria-controls='toggle-id-3' data-slide-speed=\"200\" data-title=\"Donnerstags\" data-title-open=\"\" data-aria_collapsed=\"Click to expand: Donnerstags\" data-aria_expanded=\"Click to collapse: Donnerstags\">Donnerstags<span class=\"toggle_icon\"><span class=\"vert_icon\"><\/span><span class=\"hor_icon\"><\/span><\/span><\/p><div id='toggle-id-3' aria-labelledby='toggle-toggle-id-3' role='region' class='toggle_wrap  av-title-above'  ><div class='toggle_content invers-color '  itemprop=\"text\" ><div><strong>Rolle, Rad, Handstand und Co.<\/strong><\/div>\n<div>Alter <strong>6 &#8211; 12 Jahre<\/strong><\/div>\n<div>15:45 &#8211; 17:00 Uhr<\/div>\n<div>17:00 &#8211; 18:15 Uhr<\/div>\n<div>OBS III<\/div>\n<div>\u00dcbungsleiter: Laukart, Meier-Sch\u00f6nfelder, Sch\u00fctze<\/div>\n<\/div><\/div><\/div><\/section>\n<\/div>\n<\/div><\/div><footer class=\"entry-footer\"><\/footer><\/article><div class=\"iconlist-timeline\"><\/div><\/li>\n<\/ul><\/div><\/div>\n","protected":false},"excerpt":{"rendered":"","protected":false},"author":1,"featured_media":0,"parent":0,"menu_order":0,"comment_status":"closed","ping_status":"closed","template":"","meta":{"footnotes":""},"class_list":["post-820","page","type-page","status-publish","hentry"],"_links":{"self":[{"href":"https:\/\/www.vfl-westercelle.de\/kt\/wp-json\/wp\/v2\/pages\/820","targetHints":{"allow":["GET"]}}],"collection":[{"href":"https:\/\/www.vfl-westercelle.de\/kt\/wp-json\/wp\/v2\/pages"}],"about":[{"href":"https:\/\/www.vfl-westercelle.de\/kt\/wp-json\/wp\/v2\/types\/page"}],"author":[{"embeddable":true,"href":"https:\/\/www.vfl-westercelle.de\/kt\/wp-json\/wp\/v2\/users\/1"}],"replies":[{"embeddable":true,"href":"https:\/\/www.vfl-westercelle.de\/kt\/wp-json\/wp\/v2\/comments?post=820"}],"version-history":[{"count":3,"href":"https:\/\/www.vfl-westercelle.de\/kt\/wp-json\/wp\/v2\/pages\/820\/revisions"}],"predecessor-version":[{"id":950,"href":"https:\/\/www.vfl-westercelle.de\/kt\/wp-json\/wp\/v2\/pages\/820\/revisions\/950"}],"wp:attachment":[{"href":"https:\/\/www.vfl-westercelle.de\/kt\/wp-json\/wp\/v2\/media?parent=820"}],"curies":[{"name":"wp","href":"https:\/\/api.w.org\/{rel}","templated":true}]}}

<style type="text/css" data-created_by="avia_inline_auto" id="style-css-av-hf2pg-353bd3904f1faafbe1423f4ffeb02ea6">
.flex_column.av-hf2pg-353bd3904f1faafbe1423f4ffeb02ea6{
border-radius:0px 0px 0px 0px;
padding:0px 0px 0px 0px;
}
</style>
<div  class='flex_column av-hf2pg-353bd3904f1faafbe1423f4ffeb02ea6 av_one_full  avia-builder-el-0  avia-builder-el-no-sibling  first flex_column_div av-zero-column-padding  '     ><style type="text/css" data-created_by="avia_inline_auto" id="style-css-av-kh7lxgrx-fa155521248a4f4335b7c3199ed8af84">
#top .avia-icon-list-container.av-kh7lxgrx-fa155521248a4f4335b7c3199ed8af84 .iconlist_icon{
color:#eeee22;
background-color:#0a0a0a;
}
#top .avia-icon-list-container.av-kh7lxgrx-fa155521248a4f4335b7c3199ed8af84 .iconlist_icon svg:first-child{
stroke:#eeee22;
fill:#eeee22;
}
</style>
<div  class='avia-icon-list-container av-kh7lxgrx-fa155521248a4f4335b7c3199ed8af84  avia-builder-el-1  avia-builder-el-no-sibling '><ul class='avia-icon-list avia_animate_when_almost_visible avia-icon-list-left av-iconlist-big av-kh7lxgrx-fa155521248a4f4335b7c3199ed8af84 avia-iconlist-animate'>
<li><div class='iconlist_icon av-vl7g-c9656bd7dbeff61ddf7a0033d91176ea avia-font-entypo-fontello avia-iconfont avia-font-entypo-fontello'><span class='av-icon-char' data-av_icon='' data-av_iconfont='entypo-fontello' aria-hidden="true"></span></div><article class="article-icon-entry "  itemscope="itemscope" itemtype="https://schema.org/CreativeWork" ><div class="iconlist_content_wrap"><header class="entry-content-header" aria-label="Icon: "></header><div class='iconlist_content '  itemprop="text" ><div  class='togglecontainer av-ywyms-c9979b553283308d43523f52dffaf6fd  avia-builder-el-2  avia-builder-el-no-sibling  toggle_close_all' >
<section class='av_toggle_section av-2gnzo-d39f93488e6598fcb48320bdf2592855'  itemscope="itemscope" itemtype="https://schema.org/CreativeWork" ><div role="tablist" class="single_toggle" data-tags="{Alle} "  ><p id='toggle-toggle-id-1' data-fake-id='#toggle-id-1' class='toggler  av-title-above '  itemprop="headline"  role='tab' tabindex='0' aria-controls='toggle-id-1' data-slide-speed="200" data-title="Montags" data-title-open="" data-aria_collapsed="Click to expand: Montags" data-aria_expanded="Click to collapse: Montags">Montags<span class="toggle_icon"><span class="vert_icon"></span><span class="hor_icon"></span></span></p><div id='toggle-id-1' aria-labelledby='toggle-toggle-id-1' role='region' class='toggle_wrap  av-title-above'  ><div class='toggle_content invers-color '  itemprop="text" ><p><b>Kinderturnen<br />
1-4 Jahre</b><br />
mit Eltern<br />
15.35 &#8211; 16.40 Uhr<br />
Nadelberghalle<br />
<em>Y. + F. Mohs</em></p>
<p><b>Kinderturnen<br />
4-6 Jahre</b><br />
ohne Eltern<br />
16.45 &#8211; 18.00 Uhr<br />
Nadelberghalle<br />
<em>Y.+ F. Mohs</em></p>
<p><b>Kinderturnen<br />
1-4 Jahre &#8211; begrenzte Teilnehmerzahl</b><br />
16.00 &#8211; 17.00 Uhr<br />
<em>Bruchhagenhalle</em><br />
<em>Both</em></p>
<p><b>Kinderturnen<br />
4-6 Jahre &#8211; begrenzte Teilnehmerzahl</b><br />
ohne Eltern<br />
17.00 &#8211; 18.00 Uhr<br />
<em>Bruchhagenhalle</em><br />
<em>Both</em></p>
</div></div></div></section>
<section class='av_toggle_section av-iw7ik-72fdb9baaad16233a4abb248f1db04a7'  itemscope="itemscope" itemtype="https://schema.org/CreativeWork" ><div role="tablist" class="single_toggle" data-tags="{Alle} "  ><p id='toggle-toggle-id-2' data-fake-id='#toggle-id-2' class='toggler  av-title-above '  itemprop="headline"  role='tab' tabindex='0' aria-controls='toggle-id-2' data-slide-speed="200" data-title="Mittwochs" data-title-open="" data-aria_collapsed="Click to expand: Mittwochs" data-aria_expanded="Click to collapse: Mittwochs">Mittwochs<span class="toggle_icon"><span class="vert_icon"></span><span class="hor_icon"></span></span></p><div id='toggle-id-2' aria-labelledby='toggle-toggle-id-2' role='region' class='toggle_wrap  av-title-above'  ><div class='toggle_content invers-color '  itemprop="text" ><p><b>Kinderturnen<br />
1-4 Jahre &#8211; begrenzte Teilnehmerzahl</b><br />
16.00 &#8211; 17.00 Uhr<br />
Bruchhagenhalle<br />
<em>Both</em></p>
<p><b>Kinderturnen<br />
4-6 Jahre</b><strong>&#8211; begrenzte Teilnehmerzahl</strong><br />
ohne Eltern<br />
17.00 &#8211; 18.00 Uhr<br />
Bruchhagenhalle<br />
<em>Both</em></p>
</div></div></div></section>
<section class='av_toggle_section av-ed7gk-1b04b4b2b8aed3f1cc3f226021e1cb05'  itemscope="itemscope" itemtype="https://schema.org/CreativeWork" ><div role="tablist" class="single_toggle" data-tags="{Alle} "  ><p id='toggle-toggle-id-3' data-fake-id='#toggle-id-3' class='toggler  av-title-above '  itemprop="headline"  role='tab' tabindex='0' aria-controls='toggle-id-3' data-slide-speed="200" data-title="Donnerstags" data-title-open="" data-aria_collapsed="Click to expand: Donnerstags" data-aria_expanded="Click to collapse: Donnerstags">Donnerstags<span class="toggle_icon"><span class="vert_icon"></span><span class="hor_icon"></span></span></p><div id='toggle-id-3' aria-labelledby='toggle-toggle-id-3' role='region' class='toggle_wrap  av-title-above'  ><div class='toggle_content invers-color '  itemprop="text" ><div><strong>Rolle, Rad, Handstand und Co.</strong></div>
<div>Alter <strong>6 &#8211; 12 Jahre</strong></div>
<div>15:45 &#8211; 17:00 Uhr</div>
<div>17:00 &#8211; 18:15 Uhr</div>
<div>OBS III</div>
<div>Übungsleiter: Laukart, Meier-Schönfelder, Schütze</div>
</div></div></div></section>
</div>
</div></div><footer class="entry-footer"></footer></article><div class="iconlist-timeline"></div></li>
</ul></div></div>
