{"id":80,"date":"2017-07-25T18:02:44","date_gmt":"2017-07-25T16:02:44","guid":{"rendered":"http:\/\/www.vfl-westercelle.de\/schwim\/?page_id=80"},"modified":"2025-12-04T10:32:05","modified_gmt":"2025-12-04T09:32:05","slug":"kurse","status":"publish","type":"page","link":"https:\/\/www.vfl-westercelle.de\/schwim\/kurse\/","title":{"rendered":"Kurse"},"content":{"rendered":"\n<style type=\"text\/css\" data-created_by=\"avia_inline_auto\" id=\"style-css-av-68ip8-56a4858fc5c9e3a1b83abd1995a48b8e\">\n.flex_column.av-68ip8-56a4858fc5c9e3a1b83abd1995a48b8e{\nborder-radius:0px 0px 0px 0px;\npadding:0px 0px 0px 0px;\n}\n<\/style>\n<div  class='flex_column av-68ip8-56a4858fc5c9e3a1b83abd1995a48b8e av_one_half  avia-builder-el-0  el_before_av_one_half  avia-builder-el-first  first flex_column_div av-zero-column-padding  '     ><style type=\"text\/css\" data-created_by=\"avia_inline_auto\" id=\"style-css-av-5v2ac-5a0b2ecc0b6ef3f5c16a99c05220ac12\">\n.avia-image-container.av-5v2ac-5a0b2ecc0b6ef3f5c16a99c05220ac12 img.avia_image{\nbox-shadow:none;\n}\n.avia-image-container.av-5v2ac-5a0b2ecc0b6ef3f5c16a99c05220ac12 .av-image-caption-overlay-center{\ncolor:#ffffff;\n}\n<\/style>\n<div  class='avia-image-container av-5v2ac-5a0b2ecc0b6ef3f5c16a99c05220ac12 av-styling- avia-align-center  avia-builder-el-1  avia-builder-el-no-sibling '   itemprop=\"image\" itemscope=\"itemscope\" itemtype=\"https:\/\/schema.org\/ImageObject\" ><div class=\"avia-image-container-inner\"><div class=\"avia-image-overlay-wrap\"><img decoding=\"async\" fetchpriority=\"high\" class='wp-image-170 avia-img-lazy-loading-not-170 avia_image ' src=\"https:\/\/www.vfl-westercelle.de\/schwim\/wp-content\/uploads\/sites\/17\/2018\/01\/Schwimmkurs-02-1030x685.jpg\" alt='' title='Schwimmkurs 02'  height=\"685\" width=\"1030\"  itemprop=\"thumbnailUrl\" srcset=\"https:\/\/www.vfl-westercelle.de\/schwim\/wp-content\/uploads\/sites\/17\/2018\/01\/Schwimmkurs-02-1030x685.jpg 1030w, https:\/\/www.vfl-westercelle.de\/schwim\/wp-content\/uploads\/sites\/17\/2018\/01\/Schwimmkurs-02-300x200.jpg 300w, https:\/\/www.vfl-westercelle.de\/schwim\/wp-content\/uploads\/sites\/17\/2018\/01\/Schwimmkurs-02-768x511.jpg 768w, https:\/\/www.vfl-westercelle.de\/schwim\/wp-content\/uploads\/sites\/17\/2018\/01\/Schwimmkurs-02-1500x998.jpg 1500w, https:\/\/www.vfl-westercelle.de\/schwim\/wp-content\/uploads\/sites\/17\/2018\/01\/Schwimmkurs-02-705x469.jpg 705w, https:\/\/www.vfl-westercelle.de\/schwim\/wp-content\/uploads\/sites\/17\/2018\/01\/Schwimmkurs-02-450x299.jpg 450w\" sizes=\"(max-width: 1030px) 100vw, 1030px\" \/><\/div><\/div><\/div><\/div>\n\n<style type=\"text\/css\" data-created_by=\"avia_inline_auto\" id=\"style-css-av-4y9f8-57cb2324026c7fc9eac35b142871e14c\">\n.flex_column.av-4y9f8-57cb2324026c7fc9eac35b142871e14c{\nborder-radius:0px 0px 0px 0px;\npadding:0px 0px 0px 0px;\n}\n<\/style>\n<div  class='flex_column av-4y9f8-57cb2324026c7fc9eac35b142871e14c av_one_half  avia-builder-el-2  el_after_av_one_half  el_before_av_one_full  flex_column_div av-zero-column-padding  '     ><style type=\"text\/css\" data-created_by=\"avia_inline_auto\" id=\"style-css-av-4e51g-dccef4cf7a28c0120bb6fef0fe2f4a75\">\n.avia-image-container.av-4e51g-dccef4cf7a28c0120bb6fef0fe2f4a75 img.avia_image{\nbox-shadow:none;\n}\n.avia-image-container.av-4e51g-dccef4cf7a28c0120bb6fef0fe2f4a75 .av-image-caption-overlay-center{\ncolor:#ffffff;\n}\n<\/style>\n<div  class='avia-image-container av-4e51g-dccef4cf7a28c0120bb6fef0fe2f4a75 av-styling- avia-align-center  avia-builder-el-3  avia-builder-el-no-sibling '   itemprop=\"image\" itemscope=\"itemscope\" itemtype=\"https:\/\/schema.org\/ImageObject\" ><div class=\"avia-image-container-inner\"><div class=\"avia-image-overlay-wrap\"><img decoding=\"async\" fetchpriority=\"high\" class='wp-image-169 avia-img-lazy-loading-not-169 avia_image ' src=\"https:\/\/www.vfl-westercelle.de\/schwim\/wp-content\/uploads\/sites\/17\/2018\/01\/Schwimmkurs-01-1030x684.jpg\" alt='' title='Schwimmkurs'  height=\"684\" width=\"1030\"  itemprop=\"thumbnailUrl\" srcset=\"https:\/\/www.vfl-westercelle.de\/schwim\/wp-content\/uploads\/sites\/17\/2018\/01\/Schwimmkurs-01-1030x684.jpg 1030w, https:\/\/www.vfl-westercelle.de\/schwim\/wp-content\/uploads\/sites\/17\/2018\/01\/Schwimmkurs-01-300x199.jpg 300w, https:\/\/www.vfl-westercelle.de\/schwim\/wp-content\/uploads\/sites\/17\/2018\/01\/Schwimmkurs-01-768x510.jpg 768w, https:\/\/www.vfl-westercelle.de\/schwim\/wp-content\/uploads\/sites\/17\/2018\/01\/Schwimmkurs-01-1500x996.jpg 1500w, https:\/\/www.vfl-westercelle.de\/schwim\/wp-content\/uploads\/sites\/17\/2018\/01\/Schwimmkurs-01-705x468.jpg 705w, https:\/\/www.vfl-westercelle.de\/schwim\/wp-content\/uploads\/sites\/17\/2018\/01\/Schwimmkurs-01-450x299.jpg 450w\" sizes=\"(max-width: 1030px) 100vw, 1030px\" \/><\/div><\/div><\/div><\/div>\n\n<style type=\"text\/css\" data-created_by=\"avia_inline_auto\" id=\"style-css-av-dvzg-5a4ae6cf83ce03ad3ff8808be01b2705\">\n.flex_column.av-dvzg-5a4ae6cf83ce03ad3ff8808be01b2705{\nborder-radius:0px 0px 0px 0px;\npadding:0px 0px 0px 0px;\n}\n<\/style>\n<div  class='flex_column av-dvzg-5a4ae6cf83ce03ad3ff8808be01b2705 av_one_full  avia-builder-el-4  el_after_av_one_half  el_before_av_one_full  first flex_column_div av-zero-column-padding  column-top-margin'     ><style type=\"text\/css\" data-created_by=\"avia_inline_auto\" id=\"style-css-av-3d464-7beb403a12bf4573d1411daab65ef50c\">\n#top .av_textblock_section.av-3d464-7beb403a12bf4573d1411daab65ef50c .avia_textblock{\ncolor:#000000;\n}\n<\/style>\n<section  class='av_textblock_section av-3d464-7beb403a12bf4573d1411daab65ef50c '   itemscope=\"itemscope\" itemtype=\"https:\/\/schema.org\/CreativeWork\" ><div class='avia_textblock av_inherit_color'  itemprop=\"text\" ><p>Die Schwimmsparte konzentriert sich in erster Linie auf die Schwimmausbildung zum Erwerb des Seepferdchen- und Bronzeabzeichens. Hier bieten wir f\u00fcr Neueinsteiger aufeinander aufbauende Kurse an. Diese beinhalten pro Kurs ca. 18 Kursstunden. Schwimmkurse f\u00fcr Neueinsteiger (Seepferdchen) beginnen somit zwei Mal j\u00e4hrlich (analog Schulhalbjahr exklusive Schulferien)!<\/p>\n<p>Aber auch Kinder, die ihr Seepferdchenabzeichen bereits erworben haben, bekommen bei uns die Chance, ihre Schwimmf\u00e4higkeiten zu vertiefen, um mehr Ausdauer und Sicherheit im Wasser zu bekommen. Hierf\u00fcr melden Sie ihr Kind bitte zum Quereinsteigerkurs (f\u00fcr die Dauer eines Schulhalbjahres) an.<\/p>\n<p><strong><u>Bitte unbedingt beachten:<\/u><\/strong><\/p>\n<p><span style=\"color: #ff0000;\"><strong>Bei der Anmeldung (bitte nur per E-Mail) sollte das Kind mindestens 5 Jahre alt sein (sprich, ein Jahr im Voraus ist eine Anmeldung m\u00f6glich). F\u00fcr die Teilnahme am Kurs ist ein Mindestalter von 6 Jahren erforderlich.<\/strong><\/span><\/p>\n<p>Voraussetzung f\u00fcr die Teilnahme am Seepferdchenkurs ist, dass das Kind entsprechend wassergew\u00f6hnt ist. Das bedeutet, vom Beckenrand springen im Nichtschwimmerbereich, alleine rutschen, sich trauen, ohne Probleme den Kopf unter Wasser zu nehmen und mit ge\u00f6ffneten Augen zu tauchen, sollte kein Problem darstellen. Als Hilfestellung schauen Sie sich gerne einmal dieses Youtube-Video der Stadt Stuttgart an:<\/p>\n<p><a href=\"https:\/\/www.youtube.com\/watch?v=-1dnY4Yxt3Y\">https:\/\/www.youtube.com\/watch?v=-1dnY4Yxt3Y<\/a><\/p>\n<p>Sollte ihr Kind die Grundvoraussetzungen f\u00fcr unseren Seepferdchenkurs nicht erf\u00fcllen, behalten wir uns vor, ihr Kind sp\u00e4testens nach der 3. Kursstunde erneut auf unsere Warteliste f\u00fcr einen sp\u00e4teren Kursstart zu setzen.<\/p>\n<\/div><\/section><\/div>\n<style type=\"text\/css\" data-created_by=\"avia_inline_auto\" id=\"style-css-av-2o2h0-fbf74bc88fe535e7fb7e38b0cac40a19\">\n.flex_column.av-2o2h0-fbf74bc88fe535e7fb7e38b0cac40a19{\nborder-radius:0px 0px 0px 0px;\npadding:0px 0px 0px 0px;\n}\n<\/style>\n<div  class='flex_column av-2o2h0-fbf74bc88fe535e7fb7e38b0cac40a19 av_one_full  avia-builder-el-6  el_after_av_one_full  el_before_av_one_full  first flex_column_div av-zero-column-padding  column-top-margin'     ><style type=\"text\/css\" data-created_by=\"avia_inline_auto\" id=\"style-css-av-28xes-1208ee41c1813928611076ebeeb00188\">\n.iconbox.av-28xes-1208ee41c1813928611076ebeeb00188 .iconbox_icon{\nbackground-color:#1d1d1d;\ncolor:#ffee00;\n}\n.iconbox.av-28xes-1208ee41c1813928611076ebeeb00188 .iconbox_icon.avia-svg-icon svg:first-child{\nfill:#ffee00;\nstroke:#ffee00;\n}\n<\/style>\n<article  class='iconbox iconbox_top av-28xes-1208ee41c1813928611076ebeeb00188  avia-builder-el-7  avia-builder-el-no-sibling  main_color'  itemscope=\"itemscope\" itemtype=\"https:\/\/schema.org\/CreativeWork\" ><div class=\"iconbox_content\"><header class=\"entry-content-header\" aria-label=\"Icon: Trainingsst\u00e4tte\"><div class='iconbox_icon heading-color avia-iconfont avia-font-entypo-fontello' data-av_icon='\ue841' data-av_iconfont='entypo-fontello'  ><\/div><h3 class='iconbox_content_title '  itemprop=\"headline\" >Trainingsst\u00e4tte<\/h3><\/header><div class='iconbox_content_container '  itemprop=\"text\" ><p>Alle Aktivit\u00e4ten finden im Hallenbad in der 77er Stra\u00dfe statt.<\/p>\n<\/div><\/div><footer class=\"entry-footer\"><\/footer><\/article><\/div><\/p>\n\n<style type=\"text\/css\" data-created_by=\"avia_inline_auto\" id=\"style-css-av-1kk90-cc3a54f4b1feaccbf532ff0e8922a80d\">\n.flex_column.av-1kk90-cc3a54f4b1feaccbf532ff0e8922a80d{\nborder-radius:0px 0px 0px 0px;\npadding:0px 0px 0px 0px;\n}\n<\/style>\n<div  class='flex_column av-1kk90-cc3a54f4b1feaccbf532ff0e8922a80d av_one_full  avia-builder-el-8  el_after_av_one_full  avia-builder-el-last  first flex_column_div av-zero-column-padding  column-top-margin'     ><style type=\"text\/css\" data-created_by=\"avia_inline_auto\" id=\"style-css-av-13f1k-043e09883ac9d4e07d13f85636283a46\">\n.iconbox.av-13f1k-043e09883ac9d4e07d13f85636283a46 .iconbox_icon{\nbackground-color:#1d1d1d;\ncolor:#ffee00;\n}\n.iconbox.av-13f1k-043e09883ac9d4e07d13f85636283a46 .iconbox_icon.avia-svg-icon svg:first-child{\nfill:#ffee00;\nstroke:#ffee00;\n}\n<\/style>\n<article  class='iconbox iconbox_top av-13f1k-043e09883ac9d4e07d13f85636283a46  avia-builder-el-9  avia-builder-el-no-sibling  main_color'  itemscope=\"itemscope\" itemtype=\"https:\/\/schema.org\/CreativeWork\" ><div class=\"iconbox_content\"><header class=\"entry-content-header\" aria-label=\"Icon: Kursbeginn\"><div class='iconbox_icon heading-color avia-iconfont avia-font-entypo-fontello' data-av_icon='\ue862' data-av_iconfont='entypo-fontello'  ><\/div><h3 class='iconbox_content_title '  itemprop=\"headline\" >Kursbeginn<\/h3><\/header><div class='iconbox_content_container '  itemprop=\"text\" ><p style=\"text-align: center;\">Kursbeginn und -dauer sind analog der Schulhalbjahre (exklusive Schulferien)<\/p>\n<\/div><\/div><footer class=\"entry-footer\"><\/footer><\/article><\/div>\n","protected":false},"excerpt":{"rendered":"","protected":false},"author":1,"featured_media":0,"parent":0,"menu_order":0,"comment_status":"closed","ping_status":"closed","template":"","meta":{"footnotes":""},"class_list":["post-80","page","type-page","status-publish","hentry"],"_links":{"self":[{"href":"https:\/\/www.vfl-westercelle.de\/schwim\/wp-json\/wp\/v2\/pages\/80","targetHints":{"allow":["GET"]}}],"collection":[{"href":"https:\/\/www.vfl-westercelle.de\/schwim\/wp-json\/wp\/v2\/pages"}],"about":[{"href":"https:\/\/www.vfl-westercelle.de\/schwim\/wp-json\/wp\/v2\/types\/page"}],"author":[{"embeddable":true,"href":"https:\/\/www.vfl-westercelle.de\/schwim\/wp-json\/wp\/v2\/users\/1"}],"replies":[{"embeddable":true,"href":"https:\/\/www.vfl-westercelle.de\/schwim\/wp-json\/wp\/v2\/comments?post=80"}],"version-history":[{"count":3,"href":"https:\/\/www.vfl-westercelle.de\/schwim\/wp-json\/wp\/v2\/pages\/80\/revisions"}],"predecessor-version":[{"id":351,"href":"https:\/\/www.vfl-westercelle.de\/schwim\/wp-json\/wp\/v2\/pages\/80\/revisions\/351"}],"wp:attachment":[{"href":"https:\/\/www.vfl-westercelle.de\/schwim\/wp-json\/wp\/v2\/media?parent=80"}],"curies":[{"name":"wp","href":"https:\/\/api.w.org\/{rel}","templated":true}]}}

<style type="text/css" data-created_by="avia_inline_auto" id="style-css-av-68ip8-56a4858fc5c9e3a1b83abd1995a48b8e">
.flex_column.av-68ip8-56a4858fc5c9e3a1b83abd1995a48b8e{
border-radius:0px 0px 0px 0px;
padding:0px 0px 0px 0px;
}
</style>
<div  class='flex_column av-68ip8-56a4858fc5c9e3a1b83abd1995a48b8e av_one_half  avia-builder-el-0  el_before_av_one_half  avia-builder-el-first  first flex_column_div av-zero-column-padding  '     ><style type="text/css" data-created_by="avia_inline_auto" id="style-css-av-5v2ac-5a0b2ecc0b6ef3f5c16a99c05220ac12">
.avia-image-container.av-5v2ac-5a0b2ecc0b6ef3f5c16a99c05220ac12 img.avia_image{
box-shadow:none;
}
.avia-image-container.av-5v2ac-5a0b2ecc0b6ef3f5c16a99c05220ac12 .av-image-caption-overlay-center{
color:#ffffff;
}
</style>
<div  class='avia-image-container av-5v2ac-5a0b2ecc0b6ef3f5c16a99c05220ac12 av-styling- avia-align-center  avia-builder-el-1  avia-builder-el-no-sibling '   itemprop="image" itemscope="itemscope" itemtype="https://schema.org/ImageObject" ><div class="avia-image-container-inner"><div class="avia-image-overlay-wrap"><img decoding="async" fetchpriority="high" class='wp-image-170 avia-img-lazy-loading-not-170 avia_image ' src="https://www.vfl-westercelle.de/schwim/wp-content/uploads/sites/17/2018/01/Schwimmkurs-02-1030x685.jpg" alt='' title='Schwimmkurs 02'  height="685" width="1030"  itemprop="thumbnailUrl" srcset="https://www.vfl-westercelle.de/schwim/wp-content/uploads/sites/17/2018/01/Schwimmkurs-02-1030x685.jpg 1030w, https://www.vfl-westercelle.de/schwim/wp-content/uploads/sites/17/2018/01/Schwimmkurs-02-300x200.jpg 300w, https://www.vfl-westercelle.de/schwim/wp-content/uploads/sites/17/2018/01/Schwimmkurs-02-768x511.jpg 768w, https://www.vfl-westercelle.de/schwim/wp-content/uploads/sites/17/2018/01/Schwimmkurs-02-1500x998.jpg 1500w, https://www.vfl-westercelle.de/schwim/wp-content/uploads/sites/17/2018/01/Schwimmkurs-02-705x469.jpg 705w, https://www.vfl-westercelle.de/schwim/wp-content/uploads/sites/17/2018/01/Schwimmkurs-02-450x299.jpg 450w" sizes="(max-width: 1030px) 100vw, 1030px" /></div></div></div></div>

<style type="text/css" data-created_by="avia_inline_auto" id="style-css-av-4y9f8-57cb2324026c7fc9eac35b142871e14c">
.flex_column.av-4y9f8-57cb2324026c7fc9eac35b142871e14c{
border-radius:0px 0px 0px 0px;
padding:0px 0px 0px 0px;
}
</style>
<div  class='flex_column av-4y9f8-57cb2324026c7fc9eac35b142871e14c av_one_half  avia-builder-el-2  el_after_av_one_half  el_before_av_one_full  flex_column_div av-zero-column-padding  '     ><style type="text/css" data-created_by="avia_inline_auto" id="style-css-av-4e51g-dccef4cf7a28c0120bb6fef0fe2f4a75">
.avia-image-container.av-4e51g-dccef4cf7a28c0120bb6fef0fe2f4a75 img.avia_image{
box-shadow:none;
}
.avia-image-container.av-4e51g-dccef4cf7a28c0120bb6fef0fe2f4a75 .av-image-caption-overlay-center{
color:#ffffff;
}
</style>
<div  class='avia-image-container av-4e51g-dccef4cf7a28c0120bb6fef0fe2f4a75 av-styling- avia-align-center  avia-builder-el-3  avia-builder-el-no-sibling '   itemprop="image" itemscope="itemscope" itemtype="https://schema.org/ImageObject" ><div class="avia-image-container-inner"><div class="avia-image-overlay-wrap"><img decoding="async" fetchpriority="high" class='wp-image-169 avia-img-lazy-loading-not-169 avia_image ' src="https://www.vfl-westercelle.de/schwim/wp-content/uploads/sites/17/2018/01/Schwimmkurs-01-1030x684.jpg" alt='' title='Schwimmkurs'  height="684" width="1030"  itemprop="thumbnailUrl" srcset="https://www.vfl-westercelle.de/schwim/wp-content/uploads/sites/17/2018/01/Schwimmkurs-01-1030x684.jpg 1030w, https://www.vfl-westercelle.de/schwim/wp-content/uploads/sites/17/2018/01/Schwimmkurs-01-300x199.jpg 300w, https://www.vfl-westercelle.de/schwim/wp-content/uploads/sites/17/2018/01/Schwimmkurs-01-768x510.jpg 768w, https://www.vfl-westercelle.de/schwim/wp-content/uploads/sites/17/2018/01/Schwimmkurs-01-1500x996.jpg 1500w, https://www.vfl-westercelle.de/schwim/wp-content/uploads/sites/17/2018/01/Schwimmkurs-01-705x468.jpg 705w, https://www.vfl-westercelle.de/schwim/wp-content/uploads/sites/17/2018/01/Schwimmkurs-01-450x299.jpg 450w" sizes="(max-width: 1030px) 100vw, 1030px" /></div></div></div></div>

<style type="text/css" data-created_by="avia_inline_auto" id="style-css-av-dvzg-5a4ae6cf83ce03ad3ff8808be01b2705">
.flex_column.av-dvzg-5a4ae6cf83ce03ad3ff8808be01b2705{
border-radius:0px 0px 0px 0px;
padding:0px 0px 0px 0px;
}
</style>
<div  class='flex_column av-dvzg-5a4ae6cf83ce03ad3ff8808be01b2705 av_one_full  avia-builder-el-4  el_after_av_one_half  el_before_av_one_full  first flex_column_div av-zero-column-padding  column-top-margin'     ><style type="text/css" data-created_by="avia_inline_auto" id="style-css-av-3d464-7beb403a12bf4573d1411daab65ef50c">
#top .av_textblock_section.av-3d464-7beb403a12bf4573d1411daab65ef50c .avia_textblock{
color:#000000;
}
</style>
<section  class='av_textblock_section av-3d464-7beb403a12bf4573d1411daab65ef50c '   itemscope="itemscope" itemtype="https://schema.org/CreativeWork" ><div class='avia_textblock av_inherit_color'  itemprop="text" ><p>Die Schwimmsparte konzentriert sich in erster Linie auf die Schwimmausbildung zum Erwerb des Seepferdchen- und Bronzeabzeichens. Hier bieten wir für Neueinsteiger aufeinander aufbauende Kurse an. Diese beinhalten pro Kurs ca. 18 Kursstunden. Schwimmkurse für Neueinsteiger (Seepferdchen) beginnen somit zwei Mal jährlich (analog Schulhalbjahr exklusive Schulferien)!</p>
<p>Aber auch Kinder, die ihr Seepferdchenabzeichen bereits erworben haben, bekommen bei uns die Chance, ihre Schwimmfähigkeiten zu vertiefen, um mehr Ausdauer und Sicherheit im Wasser zu bekommen. Hierfür melden Sie ihr Kind bitte zum Quereinsteigerkurs (für die Dauer eines Schulhalbjahres) an.</p>
<p><strong><u>Bitte unbedingt beachten:</u></strong></p>
<p><span style="color: #ff0000;"><strong>Bei der Anmeldung (bitte nur per E-Mail) sollte das Kind mindestens 5 Jahre alt sein (sprich, ein Jahr im Voraus ist eine Anmeldung möglich). Für die Teilnahme am Kurs ist ein Mindestalter von 6 Jahren erforderlich.</strong></span></p>
<p>Voraussetzung für die Teilnahme am Seepferdchenkurs ist, dass das Kind entsprechend wassergewöhnt ist. Das bedeutet, vom Beckenrand springen im Nichtschwimmerbereich, alleine rutschen, sich trauen, ohne Probleme den Kopf unter Wasser zu nehmen und mit geöffneten Augen zu tauchen, sollte kein Problem darstellen. Als Hilfestellung schauen Sie sich gerne einmal dieses Youtube-Video der Stadt Stuttgart an:</p>
<p><a href="https://www.youtube.com/watch?v=-1dnY4Yxt3Y">https://www.youtube.com/watch?v=-1dnY4Yxt3Y</a></p>
<p>Sollte ihr Kind die Grundvoraussetzungen für unseren Seepferdchenkurs nicht erfüllen, behalten wir uns vor, ihr Kind spätestens nach der 3. Kursstunde erneut auf unsere Warteliste für einen späteren Kursstart zu setzen.</p>
</div></section></div>
<style type="text/css" data-created_by="avia_inline_auto" id="style-css-av-2o2h0-fbf74bc88fe535e7fb7e38b0cac40a19">
.flex_column.av-2o2h0-fbf74bc88fe535e7fb7e38b0cac40a19{
border-radius:0px 0px 0px 0px;
padding:0px 0px 0px 0px;
}
</style>
<div  class='flex_column av-2o2h0-fbf74bc88fe535e7fb7e38b0cac40a19 av_one_full  avia-builder-el-6  el_after_av_one_full  el_before_av_one_full  first flex_column_div av-zero-column-padding  column-top-margin'     ><style type="text/css" data-created_by="avia_inline_auto" id="style-css-av-28xes-1208ee41c1813928611076ebeeb00188">
.iconbox.av-28xes-1208ee41c1813928611076ebeeb00188 .iconbox_icon{
background-color:#1d1d1d;
color:#ffee00;
}
.iconbox.av-28xes-1208ee41c1813928611076ebeeb00188 .iconbox_icon.avia-svg-icon svg:first-child{
fill:#ffee00;
stroke:#ffee00;
}
</style>
<article  class='iconbox iconbox_top av-28xes-1208ee41c1813928611076ebeeb00188  avia-builder-el-7  avia-builder-el-no-sibling  main_color'  itemscope="itemscope" itemtype="https://schema.org/CreativeWork" ><div class="iconbox_content"><header class="entry-content-header" aria-label="Icon: Trainingsstätte"><div class='iconbox_icon heading-color avia-iconfont avia-font-entypo-fontello' data-av_icon='' data-av_iconfont='entypo-fontello'  ></div><h3 class='iconbox_content_title '  itemprop="headline" >Trainingsstätte</h3></header><div class='iconbox_content_container '  itemprop="text" ><p>Alle Aktivitäten finden im Hallenbad in der 77er Straße statt.</p>
</div></div><footer class="entry-footer"></footer></article></div></p>

<style type="text/css" data-created_by="avia_inline_auto" id="style-css-av-1kk90-cc3a54f4b1feaccbf532ff0e8922a80d">
.flex_column.av-1kk90-cc3a54f4b1feaccbf532ff0e8922a80d{
border-radius:0px 0px 0px 0px;
padding:0px 0px 0px 0px;
}
</style>
<div  class='flex_column av-1kk90-cc3a54f4b1feaccbf532ff0e8922a80d av_one_full  avia-builder-el-8  el_after_av_one_full  avia-builder-el-last  first flex_column_div av-zero-column-padding  column-top-margin'     ><style type="text/css" data-created_by="avia_inline_auto" id="style-css-av-13f1k-043e09883ac9d4e07d13f85636283a46">
.iconbox.av-13f1k-043e09883ac9d4e07d13f85636283a46 .iconbox_icon{
background-color:#1d1d1d;
color:#ffee00;
}
.iconbox.av-13f1k-043e09883ac9d4e07d13f85636283a46 .iconbox_icon.avia-svg-icon svg:first-child{
fill:#ffee00;
stroke:#ffee00;
}
</style>
<article  class='iconbox iconbox_top av-13f1k-043e09883ac9d4e07d13f85636283a46  avia-builder-el-9  avia-builder-el-no-sibling  main_color'  itemscope="itemscope" itemtype="https://schema.org/CreativeWork" ><div class="iconbox_content"><header class="entry-content-header" aria-label="Icon: Kursbeginn"><div class='iconbox_icon heading-color avia-iconfont avia-font-entypo-fontello' data-av_icon='' data-av_iconfont='entypo-fontello'  ></div><h3 class='iconbox_content_title '  itemprop="headline" >Kursbeginn</h3></header><div class='iconbox_content_container '  itemprop="text" ><p style="text-align: center;">Kursbeginn und -dauer sind analog der Schulhalbjahre (exklusive Schulferien)</p>
</div></div><footer class="entry-footer"></footer></article></div>
