{"id":229,"date":"2018-08-26T16:19:42","date_gmt":"2018-08-26T14:19:42","guid":{"rendered":"http:\/\/www.vfl-westercelle.de\/tenn\/?page_id=229"},"modified":"2024-03-20T11:01:16","modified_gmt":"2024-03-20T10:01:16","slug":"jugend","status":"publish","type":"page","link":"https:\/\/www.vfl-westercelle.de\/tenn\/jugend\/","title":{"rendered":"Jugendtraining"},"content":{"rendered":"\n<style type=\"text\/css\" data-created_by=\"avia_inline_auto\" id=\"style-css-av-t1rjx-e781ee49dd8e0b7710dc2519bf8c37ca\">\n.flex_column.av-t1rjx-e781ee49dd8e0b7710dc2519bf8c37ca{\nborder-radius:0px 0px 0px 0px;\npadding:0px 0px 0px 0px;\n}\n<\/style>\n<div  class='flex_column av-t1rjx-e781ee49dd8e0b7710dc2519bf8c37ca av_one_full  avia-builder-el-0  el_before_av_codeblock  avia-builder-el-first  first flex_column_div av-zero-column-padding  '     ><div  class='tabcontainer av-jlay9tl5-910914e910f4d90c108fc3fc092a454b top_tab  avia-builder-el-1  avia-builder-el-no-sibling '>\n<section class='av_tab_section av_tab_section av-ljw9x-1a6852cfadf92155e51b7ec8091a68be'  itemscope=\"itemscope\" itemtype=\"https:\/\/schema.org\/CreativeWork\" ><div id='tab-id-1-tab' class='tab active_tab' role='tab' aria-selected=\"true\" tabindex=\"0\" data-fake-id='#tab-id-1' aria-controls='tab-id-1-content'  itemprop=\"headline\" >Allgemeines<\/div><div id='tab-id-1-content' class='tab_content active_tab_content' role='tabpanel' aria-labelledby='tab-id-1-tab' aria-hidden=\"false\"><div class='tab_inner_content invers-color'  itemprop=\"text\" ><p><img loading=\"lazy\" decoding=\"async\" class=\"alignnone wp-image-1250 size-full\" src=\"https:\/\/www.vfl-westercelle.de\/tenn\/wp-content\/uploads\/sites\/18\/2023\/10\/LK-Turnier-am-23.09.23-V1-scaled.jpg\" alt=\"\" width=\"2560\" height=\"1639\" srcset=\"https:\/\/www.vfl-westercelle.de\/tenn\/wp-content\/uploads\/sites\/18\/2023\/10\/LK-Turnier-am-23.09.23-V1-scaled.jpg 2560w, https:\/\/www.vfl-westercelle.de\/tenn\/wp-content\/uploads\/sites\/18\/2023\/10\/LK-Turnier-am-23.09.23-V1-300x192.jpg 300w, https:\/\/www.vfl-westercelle.de\/tenn\/wp-content\/uploads\/sites\/18\/2023\/10\/LK-Turnier-am-23.09.23-V1-1030x659.jpg 1030w, https:\/\/www.vfl-westercelle.de\/tenn\/wp-content\/uploads\/sites\/18\/2023\/10\/LK-Turnier-am-23.09.23-V1-768x492.jpg 768w, https:\/\/www.vfl-westercelle.de\/tenn\/wp-content\/uploads\/sites\/18\/2023\/10\/LK-Turnier-am-23.09.23-V1-1536x983.jpg 1536w, https:\/\/www.vfl-westercelle.de\/tenn\/wp-content\/uploads\/sites\/18\/2023\/10\/LK-Turnier-am-23.09.23-V1-2048x1311.jpg 2048w, https:\/\/www.vfl-westercelle.de\/tenn\/wp-content\/uploads\/sites\/18\/2023\/10\/LK-Turnier-am-23.09.23-V1-1500x960.jpg 1500w, https:\/\/www.vfl-westercelle.de\/tenn\/wp-content\/uploads\/sites\/18\/2023\/10\/LK-Turnier-am-23.09.23-V1-705x451.jpg 705w\" sizes=\"auto, (max-width: 2560px) 100vw, 2560px\" \/><\/p>\n<p style=\"text-align: center\"><strong>Unser\u00a0<a href=\"http:\/\/www.vflwestercelle.de\/index.php\/tennis-sparteninfo\/trainerteam\">Trainerteam<\/a>\u00a0arbeitet Woche f\u00fcr Woche an den spielerischen F\u00e4higkeiten der Jugendlichen in unterschiedlichen Alters- und Leistungsgruppen. In Einheiten von 60 bis 120 Minuten soll die\u00a0Spielf\u00e4higkeit der Jugendlichen optimal herausgebildet werden. Ziel ist es, jeden Spieler unter Ber\u00fccksichtigung seines Potentials auf\u00a0ein m\u00f6glichst hohes Spielniveau zu bringen.<\/strong><\/p>\n<p style=\"text-align: center\"><strong>W\u00e4hrend der Ausbildung spielt neben den reinen Schlagtechniken auch die Spieltaktik eine Rolle. Insbesondere bei leistungsorientierten Spielern ist au\u00dferdem die k\u00f6rperliche und konditionelle Ausbildung\u00a0von Bedeutung.\u00a0Trainiert wird\u00a0durch unser Trainerteam in 2er-, 3er und\u00a04er-Gruppen. Hierbei wird auf die Homogenit\u00e4t (Alter und Spielst\u00e4rke) in der Gruppe gro\u00dfen Wert gelegt, denn nur so\u00a0k\u00f6nnen die Kinder\u00a0mit Spa\u00df\u00a0ihre\u00a0Trainingseinheiten absolvieren und den gr\u00f6\u00dftm\u00f6glichen Fortschritt erzielen. Das Training findet ein- bis zweimal die Woche statt.<\/strong><\/p>\n<p style=\"text-align: center\">\n<p style=\"text-align: center\"><strong>Einzel- und Gruppentraining durch unser Trainerteam<\/strong><\/p>\n<p style=\"text-align: center\"><strong>*<\/strong><\/p>\n<p style=\"text-align: center\"><strong>Trainingsbegleitendes Matchtraining f\u00fcr Wettkampfspieler<\/strong><\/p>\n<p style=\"text-align: center\"><strong>*<\/strong><\/p>\n<p style=\"text-align: center\"><strong>Fitnesstraining in Form von Konditions-, Schnelligkeits- und Krafttraining<\/strong><\/p>\n<p style=\"text-align: center\"><strong>*<\/strong><\/p>\n<p style=\"text-align: center\"><strong>F\u00f6rderprogramm f\u00fcr talentierte Kinder und Jugendliche<\/strong><\/p>\n<p style=\"text-align: center\"><strong>*<\/strong><\/p>\n<p style=\"text-align: center\"><strong>Turnier- und Mannschaftsbetreuung<\/strong><\/p>\n<p style=\"text-align: center\"><strong>*<\/strong><\/p>\n<p style=\"text-align: center\"><strong>Veranstaltungen in Form von Spa\u00df- und Turnierevents<\/strong><\/p>\n<p style=\"text-align: center\"><strong>*<\/strong><\/p>\n<p style=\"text-align: center\"><strong>Teilnahmevoraussetzung ist eine Mitgliedschaft im Verein<\/strong><\/p>\n<p style=\"text-align: center\"><strong>Punktspielmannschaften<\/strong><\/p>\n<p style=\"text-align: center\"><strong>Sobald die Jugendlichen die allgemeine Spielf\u00e4higkeit erreicht haben, ist es sinnvoll, die gelernten Techniken im Rahmen von Wettk\u00e4mpfen anzuwenden. Als Erg\u00e4nzung zum w\u00f6chentlichen Training sind regelm\u00e4\u00dfig stattfindende Wettk\u00e4mpfe (z. B. Regionsmeisterschaften oder Jugendturniere) und der Einsatz in Punktspielmannschaften m\u00f6glich. Die Kosten f\u00fcr Meldung, B\u00e4lle und ggf. die Hallenmiete \u00fcbernimmt die Tennissparte. Die Kompetenz \u00fcber den Matcheinsatz der Jugendlichen liegt beim Trainerteam.<\/strong><\/p>\n<\/div><\/div><\/section>\n<section class='av_tab_section av_tab_section av-856yl-58ce552f194b751c4f5651802e307324'  itemscope=\"itemscope\" itemtype=\"https:\/\/schema.org\/CreativeWork\" ><div id='tab-id-2-tab' class='tab' role='tab' aria-selected=\"false\" tabindex=\"0\" data-fake-id='#tab-id-2' aria-controls='tab-id-2-content'  itemprop=\"headline\" >F\u00f6rderprogramm<\/div><div id='tab-id-2-content' class='tab_content' role='tabpanel' aria-labelledby='tab-id-2-tab' aria-hidden=\"true\"><div class='tab_inner_content invers-color'  itemprop=\"text\" ><p>Das Jugend-F\u00f6rderprogramm der Tennissparte richtet sich\u00a0an die talentierten und ambitionierten Spieler, deren sportliche Entwicklung durch mehrmaliges w\u00f6chentliches Training in Kombination mit\u00a0Match- und Fitnesstraining deutlich beschleunigt\u00a0werden kann.\u00a0S\u00e4mtlich Trainingseinheiten der Kaderspieler\u00a0werden prozentual durch die Sparte bezuschusst. Als Gegenleistung f\u00fcr die finanzielle Unterst\u00fctzung werden an den F\u00f6rderkader gewisse Anforderungen gestellt.\u00a0Neben der bedingungslosen Bereitschaft zur Teilnahme an\u00a0offiziellen Meisterschaften und den Punktspielen der Sommersaison wird ein vorbildliches Verhalten sowohl auf &#8211; als auch neben dem Tennisplatz erwartet.\u00a0Vornehmliches Ziel der\u00a0gef\u00f6rderten Ausbildung\u00a0ist die Integration der Jugendlichen in unsere oberen Damen- und Herrenmannschaften von Verbandsebene bis Oberliga.<\/p>\n<h3>Ziele<\/h3>\n<ul>\n<li>\n<div align=\"justify\">F\u00f6rderung des Tennissports im Allgemeinen<\/div>\n<\/li>\n<li>\n<div align=\"justify\">Bestm\u00f6gliche sportliche Erfolge f\u00fcr den VfL Westercelle<\/div>\n<\/li>\n<li>\n<div align=\"justify\">Vorbeugung von Talentabwanderungen<\/div>\n<\/li>\n<\/ul>\n<div align=\"justify\">Details \u00fcber das F\u00f6rderprogramm finden Sie in den Richtlinien f\u00fcr die F\u00f6rderung von Jugendlichen.<\/div>\n<\/div><\/div><\/section>\n<section class='av_tab_section av_tab_section av-env9h-cb61c8be0132a719b81c16a26662a5fa'  itemscope=\"itemscope\" itemtype=\"https:\/\/schema.org\/CreativeWork\" ><div id='tab-id-3-tab' class='tab' role='tab' aria-selected=\"false\" tabindex=\"0\" data-fake-id='#tab-id-3' aria-controls='tab-id-3-content'  itemprop=\"headline\" >Punktspielmannschaften<\/div><div id='tab-id-3-content' class='tab_content' role='tabpanel' aria-labelledby='tab-id-3-tab' aria-hidden=\"true\"><div class='tab_inner_content invers-color'  itemprop=\"text\" ><p><img loading=\"lazy\" decoding=\"async\" class=\"aligncenter wp-image-1370 size-large\" src=\"https:\/\/www.vfl-westercelle.de\/tenn\/wp-content\/uploads\/sites\/18\/2024\/03\/punktspiel-1-728x1030.png\" alt=\"\" width=\"728\" height=\"1030\" srcset=\"https:\/\/www.vfl-westercelle.de\/tenn\/wp-content\/uploads\/sites\/18\/2024\/03\/punktspiel-1-728x1030.png 728w, https:\/\/www.vfl-westercelle.de\/tenn\/wp-content\/uploads\/sites\/18\/2024\/03\/punktspiel-1-212x300.png 212w, https:\/\/www.vfl-westercelle.de\/tenn\/wp-content\/uploads\/sites\/18\/2024\/03\/punktspiel-1-768x1086.png 768w, https:\/\/www.vfl-westercelle.de\/tenn\/wp-content\/uploads\/sites\/18\/2024\/03\/punktspiel-1-1086x1536.png 1086w, https:\/\/www.vfl-westercelle.de\/tenn\/wp-content\/uploads\/sites\/18\/2024\/03\/punktspiel-1-1448x2048.png 1448w, https:\/\/www.vfl-westercelle.de\/tenn\/wp-content\/uploads\/sites\/18\/2024\/03\/punktspiel-1-1061x1500.png 1061w, https:\/\/www.vfl-westercelle.de\/tenn\/wp-content\/uploads\/sites\/18\/2024\/03\/punktspiel-1-499x705.png 499w\" sizes=\"auto, (max-width: 728px) 100vw, 728px\" \/><\/p>\n<\/div><\/div><\/section>\n<\/div><\/div>\n\n","protected":false},"excerpt":{"rendered":"","protected":false},"author":1,"featured_media":0,"parent":0,"menu_order":0,"comment_status":"closed","ping_status":"closed","template":"","meta":{"footnotes":""},"class_list":["post-229","page","type-page","status-publish","hentry"],"_links":{"self":[{"href":"https:\/\/www.vfl-westercelle.de\/tenn\/wp-json\/wp\/v2\/pages\/229","targetHints":{"allow":["GET"]}}],"collection":[{"href":"https:\/\/www.vfl-westercelle.de\/tenn\/wp-json\/wp\/v2\/pages"}],"about":[{"href":"https:\/\/www.vfl-westercelle.de\/tenn\/wp-json\/wp\/v2\/types\/page"}],"author":[{"embeddable":true,"href":"https:\/\/www.vfl-westercelle.de\/tenn\/wp-json\/wp\/v2\/users\/1"}],"replies":[{"embeddable":true,"href":"https:\/\/www.vfl-westercelle.de\/tenn\/wp-json\/wp\/v2\/comments?post=229"}],"version-history":[{"count":3,"href":"https:\/\/www.vfl-westercelle.de\/tenn\/wp-json\/wp\/v2\/pages\/229\/revisions"}],"predecessor-version":[{"id":1489,"href":"https:\/\/www.vfl-westercelle.de\/tenn\/wp-json\/wp\/v2\/pages\/229\/revisions\/1489"}],"wp:attachment":[{"href":"https:\/\/www.vfl-westercelle.de\/tenn\/wp-json\/wp\/v2\/media?parent=229"}],"curies":[{"name":"wp","href":"https:\/\/api.w.org\/{rel}","templated":true}]}}

<style type="text/css" data-created_by="avia_inline_auto" id="style-css-av-t1rjx-e781ee49dd8e0b7710dc2519bf8c37ca">
.flex_column.av-t1rjx-e781ee49dd8e0b7710dc2519bf8c37ca{
border-radius:0px 0px 0px 0px;
padding:0px 0px 0px 0px;
}
</style>
<div  class='flex_column av-t1rjx-e781ee49dd8e0b7710dc2519bf8c37ca av_one_full  avia-builder-el-0  el_before_av_codeblock  avia-builder-el-first  first flex_column_div av-zero-column-padding  '     ><div  class='tabcontainer av-jlay9tl5-910914e910f4d90c108fc3fc092a454b top_tab  avia-builder-el-1  avia-builder-el-no-sibling '>
<section class='av_tab_section av_tab_section av-ljw9x-1a6852cfadf92155e51b7ec8091a68be'  itemscope="itemscope" itemtype="https://schema.org/CreativeWork" ><div id='tab-id-1-tab' class='tab active_tab' role='tab' aria-selected="true" tabindex="0" data-fake-id='#tab-id-1' aria-controls='tab-id-1-content'  itemprop="headline" >Allgemeines</div><div id='tab-id-1-content' class='tab_content active_tab_content' role='tabpanel' aria-labelledby='tab-id-1-tab' aria-hidden="false"><div class='tab_inner_content invers-color'  itemprop="text" ><p><img loading="lazy" decoding="async" class="alignnone wp-image-1250 size-full" src="https://www.vfl-westercelle.de/tenn/wp-content/uploads/sites/18/2023/10/LK-Turnier-am-23.09.23-V1-scaled.jpg" alt="" width="2560" height="1639" srcset="https://www.vfl-westercelle.de/tenn/wp-content/uploads/sites/18/2023/10/LK-Turnier-am-23.09.23-V1-scaled.jpg 2560w, https://www.vfl-westercelle.de/tenn/wp-content/uploads/sites/18/2023/10/LK-Turnier-am-23.09.23-V1-300x192.jpg 300w, https://www.vfl-westercelle.de/tenn/wp-content/uploads/sites/18/2023/10/LK-Turnier-am-23.09.23-V1-1030x659.jpg 1030w, https://www.vfl-westercelle.de/tenn/wp-content/uploads/sites/18/2023/10/LK-Turnier-am-23.09.23-V1-768x492.jpg 768w, https://www.vfl-westercelle.de/tenn/wp-content/uploads/sites/18/2023/10/LK-Turnier-am-23.09.23-V1-1536x983.jpg 1536w, https://www.vfl-westercelle.de/tenn/wp-content/uploads/sites/18/2023/10/LK-Turnier-am-23.09.23-V1-2048x1311.jpg 2048w, https://www.vfl-westercelle.de/tenn/wp-content/uploads/sites/18/2023/10/LK-Turnier-am-23.09.23-V1-1500x960.jpg 1500w, https://www.vfl-westercelle.de/tenn/wp-content/uploads/sites/18/2023/10/LK-Turnier-am-23.09.23-V1-705x451.jpg 705w" sizes="auto, (max-width: 2560px) 100vw, 2560px" /></p>
<p style="text-align: center"><strong>Unser <a href="http://www.vflwestercelle.de/index.php/tennis-sparteninfo/trainerteam">Trainerteam</a> arbeitet Woche für Woche an den spielerischen Fähigkeiten der Jugendlichen in unterschiedlichen Alters- und Leistungsgruppen. In Einheiten von 60 bis 120 Minuten soll die Spielfähigkeit der Jugendlichen optimal herausgebildet werden. Ziel ist es, jeden Spieler unter Berücksichtigung seines Potentials auf ein möglichst hohes Spielniveau zu bringen.</strong></p>
<p style="text-align: center"><strong>Während der Ausbildung spielt neben den reinen Schlagtechniken auch die Spieltaktik eine Rolle. Insbesondere bei leistungsorientierten Spielern ist außerdem die körperliche und konditionelle Ausbildung von Bedeutung. Trainiert wird durch unser Trainerteam in 2er-, 3er und 4er-Gruppen. Hierbei wird auf die Homogenität (Alter und Spielstärke) in der Gruppe großen Wert gelegt, denn nur so können die Kinder mit Spaß ihre Trainingseinheiten absolvieren und den größtmöglichen Fortschritt erzielen. Das Training findet ein- bis zweimal die Woche statt.</strong></p>
<p style="text-align: center">
<p style="text-align: center"><strong>Einzel- und Gruppentraining durch unser Trainerteam</strong></p>
<p style="text-align: center"><strong>*</strong></p>
<p style="text-align: center"><strong>Trainingsbegleitendes Matchtraining für Wettkampfspieler</strong></p>
<p style="text-align: center"><strong>*</strong></p>
<p style="text-align: center"><strong>Fitnesstraining in Form von Konditions-, Schnelligkeits- und Krafttraining</strong></p>
<p style="text-align: center"><strong>*</strong></p>
<p style="text-align: center"><strong>Förderprogramm für talentierte Kinder und Jugendliche</strong></p>
<p style="text-align: center"><strong>*</strong></p>
<p style="text-align: center"><strong>Turnier- und Mannschaftsbetreuung</strong></p>
<p style="text-align: center"><strong>*</strong></p>
<p style="text-align: center"><strong>Veranstaltungen in Form von Spaß- und Turnierevents</strong></p>
<p style="text-align: center"><strong>*</strong></p>
<p style="text-align: center"><strong>Teilnahmevoraussetzung ist eine Mitgliedschaft im Verein</strong></p>
<p style="text-align: center"><strong>Punktspielmannschaften</strong></p>
<p style="text-align: center"><strong>Sobald die Jugendlichen die allgemeine Spielfähigkeit erreicht haben, ist es sinnvoll, die gelernten Techniken im Rahmen von Wettkämpfen anzuwenden. Als Ergänzung zum wöchentlichen Training sind regelmäßig stattfindende Wettkämpfe (z. B. Regionsmeisterschaften oder Jugendturniere) und der Einsatz in Punktspielmannschaften möglich. Die Kosten für Meldung, Bälle und ggf. die Hallenmiete übernimmt die Tennissparte. Die Kompetenz über den Matcheinsatz der Jugendlichen liegt beim Trainerteam.</strong></p>
</div></div></section>
<section class='av_tab_section av_tab_section av-856yl-58ce552f194b751c4f5651802e307324'  itemscope="itemscope" itemtype="https://schema.org/CreativeWork" ><div id='tab-id-2-tab' class='tab' role='tab' aria-selected="false" tabindex="0" data-fake-id='#tab-id-2' aria-controls='tab-id-2-content'  itemprop="headline" >Förderprogramm</div><div id='tab-id-2-content' class='tab_content' role='tabpanel' aria-labelledby='tab-id-2-tab' aria-hidden="true"><div class='tab_inner_content invers-color'  itemprop="text" ><p>Das Jugend-Förderprogramm der Tennissparte richtet sich an die talentierten und ambitionierten Spieler, deren sportliche Entwicklung durch mehrmaliges wöchentliches Training in Kombination mit Match- und Fitnesstraining deutlich beschleunigt werden kann. Sämtlich Trainingseinheiten der Kaderspieler werden prozentual durch die Sparte bezuschusst. Als Gegenleistung für die finanzielle Unterstützung werden an den Förderkader gewisse Anforderungen gestellt. Neben der bedingungslosen Bereitschaft zur Teilnahme an offiziellen Meisterschaften und den Punktspielen der Sommersaison wird ein vorbildliches Verhalten sowohl auf &#8211; als auch neben dem Tennisplatz erwartet. Vornehmliches Ziel der geförderten Ausbildung ist die Integration der Jugendlichen in unsere oberen Damen- und Herrenmannschaften von Verbandsebene bis Oberliga.</p>
<h3>Ziele</h3>
<ul>
<li>
<div align="justify">Förderung des Tennissports im Allgemeinen</div>
</li>
<li>
<div align="justify">Bestmögliche sportliche Erfolge für den VfL Westercelle</div>
</li>
<li>
<div align="justify">Vorbeugung von Talentabwanderungen</div>
</li>
</ul>
<div align="justify">Details über das Förderprogramm finden Sie in den Richtlinien für die Förderung von Jugendlichen.</div>
</div></div></section>
<section class='av_tab_section av_tab_section av-env9h-cb61c8be0132a719b81c16a26662a5fa'  itemscope="itemscope" itemtype="https://schema.org/CreativeWork" ><div id='tab-id-3-tab' class='tab' role='tab' aria-selected="false" tabindex="0" data-fake-id='#tab-id-3' aria-controls='tab-id-3-content'  itemprop="headline" >Punktspielmannschaften</div><div id='tab-id-3-content' class='tab_content' role='tabpanel' aria-labelledby='tab-id-3-tab' aria-hidden="true"><div class='tab_inner_content invers-color'  itemprop="text" ><p><img loading="lazy" decoding="async" class="aligncenter wp-image-1370 size-large" src="https://www.vfl-westercelle.de/tenn/wp-content/uploads/sites/18/2024/03/punktspiel-1-728x1030.png" alt="" width="728" height="1030" srcset="https://www.vfl-westercelle.de/tenn/wp-content/uploads/sites/18/2024/03/punktspiel-1-728x1030.png 728w, https://www.vfl-westercelle.de/tenn/wp-content/uploads/sites/18/2024/03/punktspiel-1-212x300.png 212w, https://www.vfl-westercelle.de/tenn/wp-content/uploads/sites/18/2024/03/punktspiel-1-768x1086.png 768w, https://www.vfl-westercelle.de/tenn/wp-content/uploads/sites/18/2024/03/punktspiel-1-1086x1536.png 1086w, https://www.vfl-westercelle.de/tenn/wp-content/uploads/sites/18/2024/03/punktspiel-1-1448x2048.png 1448w, https://www.vfl-westercelle.de/tenn/wp-content/uploads/sites/18/2024/03/punktspiel-1-1061x1500.png 1061w, https://www.vfl-westercelle.de/tenn/wp-content/uploads/sites/18/2024/03/punktspiel-1-499x705.png 499w" sizes="auto, (max-width: 728px) 100vw, 728px" /></p>
</div></div></section>
</div></div>
