{"id":29,"date":"2017-07-06T23:40:34","date_gmt":"2017-07-06T21:40:34","guid":{"rendered":"http:\/\/www.vfl-westercelle.de\/tri-rsp\/?page_id=29"},"modified":"2017-07-08T15:56:23","modified_gmt":"2017-07-08T13:56:23","slug":"wir-ueber-uns","status":"publish","type":"page","link":"https:\/\/www.vfl-westercelle.de\/tri-rsp\/wir-ueber-uns\/","title":{"rendered":"Wir \u00fcber uns"},"content":{"rendered":"\n<style type=\"text\/css\" data-created_by=\"avia_inline_auto\" id=\"style-css-av-av_one_half-6126cab7d8fab8d08143dd2dacdf673c\">\n.flex_column.av-av_one_half-6126cab7d8fab8d08143dd2dacdf673c{\nborder-radius:0px 0px 0px 0px;\npadding:0px 0px 0px 0px;\n}\n<\/style>\n<div  class='flex_column av-av_one_half-6126cab7d8fab8d08143dd2dacdf673c av_one_half  avia-builder-el-0  el_before_av_one_half  avia-builder-el-first  first flex_column_div av-zero-column-padding  '     ><p><section  class='av_textblock_section av-av_textblock-396ddf1f42196ca838231e61a4602801 '   itemscope=\"itemscope\" itemtype=\"https:\/\/schema.org\/CreativeWork\" ><div class='avia_textblock'  itemprop=\"text\" ><p><a href=\"http:\/\/www.vfl-westercelle.de\/tri-rsp\/wp-content\/uploads\/sites\/7\/2017\/07\/Abfahrt-in-Costa-Rica.jpeg\"><img loading=\"lazy\" decoding=\"async\" class=\"alignnone size-full wp-image-44\" src=\"http:\/\/www.vfl-westercelle.de\/tri-rsp\/wp-content\/uploads\/sites\/7\/2017\/07\/Abfahrt-in-Costa-Rica.jpeg\" alt=\"\" width=\"1280\" height=\"853\" srcset=\"https:\/\/www.vfl-westercelle.de\/tri-rsp\/wp-content\/uploads\/sites\/7\/2017\/07\/Abfahrt-in-Costa-Rica.jpeg 1280w, https:\/\/www.vfl-westercelle.de\/tri-rsp\/wp-content\/uploads\/sites\/7\/2017\/07\/Abfahrt-in-Costa-Rica-300x200.jpeg 300w, https:\/\/www.vfl-westercelle.de\/tri-rsp\/wp-content\/uploads\/sites\/7\/2017\/07\/Abfahrt-in-Costa-Rica-768x512.jpeg 768w, https:\/\/www.vfl-westercelle.de\/tri-rsp\/wp-content\/uploads\/sites\/7\/2017\/07\/Abfahrt-in-Costa-Rica-1030x686.jpeg 1030w, https:\/\/www.vfl-westercelle.de\/tri-rsp\/wp-content\/uploads\/sites\/7\/2017\/07\/Abfahrt-in-Costa-Rica-705x470.jpeg 705w, https:\/\/www.vfl-westercelle.de\/tri-rsp\/wp-content\/uploads\/sites\/7\/2017\/07\/Abfahrt-in-Costa-Rica-450x300.jpeg 450w\" sizes=\"auto, (max-width: 1280px) 100vw, 1280px\" \/><\/a><\/p>\n<\/div><\/section><br \/>\n\n<style type=\"text\/css\" data-created_by=\"avia_inline_auto\" id=\"style-css-av-av_heading-301c737ac3d46743940cf8f451edaf67\">\n#top .av-special-heading.av-av_heading-301c737ac3d46743940cf8f451edaf67{\npadding-bottom:10px;\n}\nbody .av-special-heading.av-av_heading-301c737ac3d46743940cf8f451edaf67 .av-special-heading-tag .heading-char{\nfont-size:25px;\n}\n.av-special-heading.av-av_heading-301c737ac3d46743940cf8f451edaf67 .av-subheading{\nfont-size:15px;\n}\n<\/style>\n<div  class='av-special-heading av-av_heading-301c737ac3d46743940cf8f451edaf67 av-special-heading-h3  avia-builder-el-2  el_after_av_textblock  el_before_av_textblock '><h3 class='av-special-heading-tag '  itemprop=\"headline\"  >Was bedeutet eigentlich Triathlon?<\/h3><div class=\"special-heading-border\"><div class=\"special-heading-inner-border\"><\/div><\/div><\/div><br \/>\n<section  class='av_textblock_section av-av_textblock-396ddf1f42196ca838231e61a4602801 '   itemscope=\"itemscope\" itemtype=\"https:\/\/schema.org\/CreativeWork\" ><div class='avia_textblock'  itemprop=\"text\" ><p>Triathlon ist eine Ausdauersportart, bestehend aus einem Mehrkampf der Disziplinen Schwimmen, Radfahren und Laufen, die nacheinander und in genau dieser Reihenfolge zu absolvieren sind. Die Besonderheit dieses Sports besteht darin, dass bestimmte Strecken mit unterschiedlichen Fortbewegungsmitteln so schnell wie m\u00f6glich zur\u00fcckzulegen sind, wobei die Uhr auch bei zeitlichen Unterbrechungen, wie z.\u2009B. den Wechseln zwischen den Disziplinen, weiterl\u00e4uft. Triathlon ist seit dem Jahr 2000 auch eine olympische Disziplin. Beim Triathlon unterscheidet man verschiedene Wettkampfdistanzen. Los geht es mit der Volksdistanz, wobei in der Regel 500 m Schwimmen, 20 km Radfahren und 5 km Laufen zu absolvieren sind. Bei Kindern und Jugendlichen sind die Distanzen dem Alter entsprechend angepasst und k\u00fcrzer. Die Olympische Distanz besteht aus 1,5 km Schwimmen, 40 km Radfahren und 10 km Laufen. Die Mitteldistanz besteht aus 2 km Schwimmen, 90 km Radfahren und einen Halbmarathonlauf. Der &#8222;K\u00f6nigs&#8220;-Wettkampf, der Ironman oder auch als Langdistanz bezeichnet, besteht aus 3,8 km Schwimmen, 180 km Radfahren und einem Marathonlauf.<\/p>\n<\/div><\/section><\/p><\/div>\n<style type=\"text\/css\" data-created_by=\"avia_inline_auto\" id=\"style-css-av-av_one_half-0aa7055fe62c3622faec82866afbaeb2\">\n.flex_column.av-av_one_half-0aa7055fe62c3622faec82866afbaeb2{\nborder-radius:0px 0px 0px 0px;\npadding:0px 0px 0px 0px;\n}\n<\/style>\n<div  class='flex_column av-av_one_half-0aa7055fe62c3622faec82866afbaeb2 av_one_half  avia-builder-el-4  el_after_av_one_half  avia-builder-el-last  flex_column_div av-zero-column-padding  '     ><p>\n<style type=\"text\/css\" data-created_by=\"avia_inline_auto\" id=\"style-css-av-av_heading-4d40a4ccf82c3148113be7fe9425da82\">\n#top .av-special-heading.av-av_heading-4d40a4ccf82c3148113be7fe9425da82{\npadding-bottom:10px;\n}\nbody .av-special-heading.av-av_heading-4d40a4ccf82c3148113be7fe9425da82 .av-special-heading-tag .heading-char{\nfont-size:25px;\n}\n.av-special-heading.av-av_heading-4d40a4ccf82c3148113be7fe9425da82 .av-subheading{\nfont-size:15px;\n}\n<\/style>\n<div  class='av-special-heading av-av_heading-4d40a4ccf82c3148113be7fe9425da82 av-special-heading-h3  avia-builder-el-5  el_before_av_textblock  avia-builder-el-first '><h3 class='av-special-heading-tag '  itemprop=\"headline\"  >Wer sind wir?<\/h3><div class=\"special-heading-border\"><div class=\"special-heading-inner-border\"><\/div><\/div><\/div><br \/>\n<section  class='av_textblock_section av-av_textblock-396ddf1f42196ca838231e61a4602801 '   itemscope=\"itemscope\" itemtype=\"https:\/\/schema.org\/CreativeWork\" ><div class='avia_textblock'  itemprop=\"text\" ><p>Wir sind eine Gemeinschaft von Multisportlern im VfL Westercelle, die sich im April 2016 gegr\u00fcndet hat und bei denen der Spa\u00df am gemeinsamen Sporttreiben im Mittelpunkt steht, wobei durchaus der \u00dcbergang vom Hobbysport zum ambitionierten Sport flie\u00dfend sein kann und darf, denn wir haben in unserem Team vom Anf\u00e4nger bis zu einigen erfahrenen Langdistanzlern und mehrfachen Meisterschaftsteilnehmer von der Landesmeisterschaft bis zu Weltmeisterschaften alles zu bieten. Auf vielf\u00e4ltige gemeinsame sportliche, aber auch private Aktivit\u00e4ten legen wir ebenso Wert!<\/p>\n<p>Unsere Altersstruktur liegt aktuell zwischen 30 und 77 Jahren, was zeigt, dass der Triathlonsport in jedem Alter ausge\u00fcbt werden kann! Da die meisten Teammitglieder Familie haben und\/oder voll berufst\u00e4tig sind, ist v\u00f6llig klar, dass nicht jeder pausenlos trainieren kann, was aber kein Problem ist, da bei uns niemand unter Leistungsdruck steht. Jeder bestimmt seine individuellen Ziele, trainiert in dem Umfang,\u00a0den er\/sie meint zu schaffen und visiert seine Wettk\u00e4mpfe passend selbst an. Bei Bedarf bekommt aber jeder Sportler gern Ratschl\u00e4ge von den alten Hasen. Oftmals finden sich passende Trainingspartner auf \u00e4hnlichem Level, um sich gegenseitig f\u00fcr die gleichen Ziele und Wettk\u00e4mpfe zu motivieren und vorzubereiten.<\/p>\n<p>Wir trainieren, von einigen kurzen Pausen abgesehen, das ganze Jahr \u00fcber! In der Wintersaison nehmen wir auch an Volks- und Crossl\u00e4ufen sowie an MTB (Mountainbike)- und Radcrossrennen und RTF&#8217;s (Radtouristikfahrten) teil.<\/p>\n<p>Neue Mitglieder sind bei uns stets herzlich willkommen!<\/p>\n<\/div><\/section><\/p><\/div><\/p>\n","protected":false},"excerpt":{"rendered":"","protected":false},"author":1,"featured_media":0,"parent":0,"menu_order":0,"comment_status":"closed","ping_status":"closed","template":"","meta":{"footnotes":""},"class_list":["post-29","page","type-page","status-publish","hentry"],"_links":{"self":[{"href":"https:\/\/www.vfl-westercelle.de\/tri-rsp\/wp-json\/wp\/v2\/pages\/29","targetHints":{"allow":["GET"]}}],"collection":[{"href":"https:\/\/www.vfl-westercelle.de\/tri-rsp\/wp-json\/wp\/v2\/pages"}],"about":[{"href":"https:\/\/www.vfl-westercelle.de\/tri-rsp\/wp-json\/wp\/v2\/types\/page"}],"author":[{"embeddable":true,"href":"https:\/\/www.vfl-westercelle.de\/tri-rsp\/wp-json\/wp\/v2\/users\/1"}],"replies":[{"embeddable":true,"href":"https:\/\/www.vfl-westercelle.de\/tri-rsp\/wp-json\/wp\/v2\/comments?post=29"}],"version-history":[{"count":10,"href":"https:\/\/www.vfl-westercelle.de\/tri-rsp\/wp-json\/wp\/v2\/pages\/29\/revisions"}],"predecessor-version":[{"id":134,"href":"https:\/\/www.vfl-westercelle.de\/tri-rsp\/wp-json\/wp\/v2\/pages\/29\/revisions\/134"}],"wp:attachment":[{"href":"https:\/\/www.vfl-westercelle.de\/tri-rsp\/wp-json\/wp\/v2\/media?parent=29"}],"curies":[{"name":"wp","href":"https:\/\/api.w.org\/{rel}","templated":true}]}}

Wir über uns

<style type="text/css" data-created_by="avia_inline_auto" id="style-css-av-av_one_half-6126cab7d8fab8d08143dd2dacdf673c">
.flex_column.av-av_one_half-6126cab7d8fab8d08143dd2dacdf673c{
border-radius:0px 0px 0px 0px;
padding:0px 0px 0px 0px;
}
</style>
<div  class='flex_column av-av_one_half-6126cab7d8fab8d08143dd2dacdf673c av_one_half  avia-builder-el-0  el_before_av_one_half  avia-builder-el-first  first flex_column_div av-zero-column-padding  '     ><p><section  class='av_textblock_section av-av_textblock-396ddf1f42196ca838231e61a4602801 '   itemscope="itemscope" itemtype="https://schema.org/CreativeWork" ><div class='avia_textblock'  itemprop="text" ><p><a href="http://www.vfl-westercelle.de/tri-rsp/wp-content/uploads/sites/7/2017/07/Abfahrt-in-Costa-Rica.jpeg"><img loading="lazy" decoding="async" class="alignnone size-full wp-image-44" src="http://www.vfl-westercelle.de/tri-rsp/wp-content/uploads/sites/7/2017/07/Abfahrt-in-Costa-Rica.jpeg" alt="" width="1280" height="853" srcset="https://www.vfl-westercelle.de/tri-rsp/wp-content/uploads/sites/7/2017/07/Abfahrt-in-Costa-Rica.jpeg 1280w, https://www.vfl-westercelle.de/tri-rsp/wp-content/uploads/sites/7/2017/07/Abfahrt-in-Costa-Rica-300x200.jpeg 300w, https://www.vfl-westercelle.de/tri-rsp/wp-content/uploads/sites/7/2017/07/Abfahrt-in-Costa-Rica-768x512.jpeg 768w, https://www.vfl-westercelle.de/tri-rsp/wp-content/uploads/sites/7/2017/07/Abfahrt-in-Costa-Rica-1030x686.jpeg 1030w, https://www.vfl-westercelle.de/tri-rsp/wp-content/uploads/sites/7/2017/07/Abfahrt-in-Costa-Rica-705x470.jpeg 705w, https://www.vfl-westercelle.de/tri-rsp/wp-content/uploads/sites/7/2017/07/Abfahrt-in-Costa-Rica-450x300.jpeg 450w" sizes="auto, (max-width: 1280px) 100vw, 1280px" /></a></p>
</div></section><br />

<style type="text/css" data-created_by="avia_inline_auto" id="style-css-av-av_heading-301c737ac3d46743940cf8f451edaf67">
#top .av-special-heading.av-av_heading-301c737ac3d46743940cf8f451edaf67{
padding-bottom:10px;
}
body .av-special-heading.av-av_heading-301c737ac3d46743940cf8f451edaf67 .av-special-heading-tag .heading-char{
font-size:25px;
}
.av-special-heading.av-av_heading-301c737ac3d46743940cf8f451edaf67 .av-subheading{
font-size:15px;
}
</style>
<div  class='av-special-heading av-av_heading-301c737ac3d46743940cf8f451edaf67 av-special-heading-h3  avia-builder-el-2  el_after_av_textblock  el_before_av_textblock '><h3 class='av-special-heading-tag '  itemprop="headline"  >Was bedeutet eigentlich Triathlon?</h3><div class="special-heading-border"><div class="special-heading-inner-border"></div></div></div><br />
<section  class='av_textblock_section av-av_textblock-396ddf1f42196ca838231e61a4602801 '   itemscope="itemscope" itemtype="https://schema.org/CreativeWork" ><div class='avia_textblock'  itemprop="text" ><p>Triathlon ist eine Ausdauersportart, bestehend aus einem Mehrkampf der Disziplinen Schwimmen, Radfahren und Laufen, die nacheinander und in genau dieser Reihenfolge zu absolvieren sind. Die Besonderheit dieses Sports besteht darin, dass bestimmte Strecken mit unterschiedlichen Fortbewegungsmitteln so schnell wie möglich zurückzulegen sind, wobei die Uhr auch bei zeitlichen Unterbrechungen, wie z. B. den Wechseln zwischen den Disziplinen, weiterläuft. Triathlon ist seit dem Jahr 2000 auch eine olympische Disziplin. Beim Triathlon unterscheidet man verschiedene Wettkampfdistanzen. Los geht es mit der Volksdistanz, wobei in der Regel 500 m Schwimmen, 20 km Radfahren und 5 km Laufen zu absolvieren sind. Bei Kindern und Jugendlichen sind die Distanzen dem Alter entsprechend angepasst und kürzer. Die Olympische Distanz besteht aus 1,5 km Schwimmen, 40 km Radfahren und 10 km Laufen. Die Mitteldistanz besteht aus 2 km Schwimmen, 90 km Radfahren und einen Halbmarathonlauf. Der &#8222;Königs&#8220;-Wettkampf, der Ironman oder auch als Langdistanz bezeichnet, besteht aus 3,8 km Schwimmen, 180 km Radfahren und einem Marathonlauf.</p>
</div></section></p></div>
<style type="text/css" data-created_by="avia_inline_auto" id="style-css-av-av_one_half-0aa7055fe62c3622faec82866afbaeb2">
.flex_column.av-av_one_half-0aa7055fe62c3622faec82866afbaeb2{
border-radius:0px 0px 0px 0px;
padding:0px 0px 0px 0px;
}
</style>
<div  class='flex_column av-av_one_half-0aa7055fe62c3622faec82866afbaeb2 av_one_half  avia-builder-el-4  el_after_av_one_half  avia-builder-el-last  flex_column_div av-zero-column-padding  '     ><p>
<style type="text/css" data-created_by="avia_inline_auto" id="style-css-av-av_heading-4d40a4ccf82c3148113be7fe9425da82">
#top .av-special-heading.av-av_heading-4d40a4ccf82c3148113be7fe9425da82{
padding-bottom:10px;
}
body .av-special-heading.av-av_heading-4d40a4ccf82c3148113be7fe9425da82 .av-special-heading-tag .heading-char{
font-size:25px;
}
.av-special-heading.av-av_heading-4d40a4ccf82c3148113be7fe9425da82 .av-subheading{
font-size:15px;
}
</style>
<div  class='av-special-heading av-av_heading-4d40a4ccf82c3148113be7fe9425da82 av-special-heading-h3  avia-builder-el-5  el_before_av_textblock  avia-builder-el-first '><h3 class='av-special-heading-tag '  itemprop="headline"  >Wer sind wir?</h3><div class="special-heading-border"><div class="special-heading-inner-border"></div></div></div><br />
<section  class='av_textblock_section av-av_textblock-396ddf1f42196ca838231e61a4602801 '   itemscope="itemscope" itemtype="https://schema.org/CreativeWork" ><div class='avia_textblock'  itemprop="text" ><p>Wir sind eine Gemeinschaft von Multisportlern im VfL Westercelle, die sich im April 2016 gegründet hat und bei denen der Spaß am gemeinsamen Sporttreiben im Mittelpunkt steht, wobei durchaus der Übergang vom Hobbysport zum ambitionierten Sport fließend sein kann und darf, denn wir haben in unserem Team vom Anfänger bis zu einigen erfahrenen Langdistanzlern und mehrfachen Meisterschaftsteilnehmer von der Landesmeisterschaft bis zu Weltmeisterschaften alles zu bieten. Auf vielfältige gemeinsame sportliche, aber auch private Aktivitäten legen wir ebenso Wert!</p>
<p>Unsere Altersstruktur liegt aktuell zwischen 30 und 77 Jahren, was zeigt, dass der Triathlonsport in jedem Alter ausgeübt werden kann! Da die meisten Teammitglieder Familie haben und/oder voll berufstätig sind, ist völlig klar, dass nicht jeder pausenlos trainieren kann, was aber kein Problem ist, da bei uns niemand unter Leistungsdruck steht. Jeder bestimmt seine individuellen Ziele, trainiert in dem Umfang, den er/sie meint zu schaffen und visiert seine Wettkämpfe passend selbst an. Bei Bedarf bekommt aber jeder Sportler gern Ratschläge von den alten Hasen. Oftmals finden sich passende Trainingspartner auf ähnlichem Level, um sich gegenseitig für die gleichen Ziele und Wettkämpfe zu motivieren und vorzubereiten.</p>
<p>Wir trainieren, von einigen kurzen Pausen abgesehen, das ganze Jahr über! In der Wintersaison nehmen wir auch an Volks- und Crossläufen sowie an MTB (Mountainbike)- und Radcrossrennen und RTF&#8217;s (Radtouristikfahrten) teil.</p>
<p>Neue Mitglieder sind bei uns stets herzlich willkommen!</p>
</div></section></p></div></p>
